{"id":6767,"date":"2026-04-10T11:49:51","date_gmt":"2026-04-10T11:49:51","guid":{"rendered":"https:\/\/resolute.lt\/?post_type=product&#038;p=6767"},"modified":"2026-04-10T12:02:45","modified_gmt":"2026-04-10T12:02:45","slug":"oukitel-wp56-5g-juodas","status":"publish","type":"product","link":"https:\/\/resolute.lt\/index.php\/produktas\/oukitel-wp56-5g-juodas\/","title":{"rendered":"Oukitel WP56 &#8211; 5G, 512\/12GB, Juodas"},"content":{"rendered":"<p><strong>Oukitel WP56<\/strong>\u00a0\u2013 auk\u0161\u010diausios klas\u0117s vandeniui ir sm\u016bgiams atsparus <strong>5G<\/strong> telefonas su ypa\u010d ilgai be \u012fkrovimo tarnaujan\u010dia <strong>16000 mAh baterija<\/strong>. Telefonas stebina savo 512 GB vidine ir 16 GB RAM atmintimi,\u00a0auk\u0161tos rai\u0161kos 108 MP kamera, 120 Hz 6,8&#8243; IPS ekranu, ypa\u010d spar\u010diu Dimensity\u2122 7050 procesoriumi bei Android 15 operacine sistema su lietuvi\u0173 kalba. Raudonos spalvos versij\u0105 rasite <a href=\"https:\/\/resolute.lt\/index.php\/produktas\/oukitel-wp56-5g-raudonas\/\" target=\"_blank\" rel=\"noopener\"><strong>\u010cIA<\/strong><\/a>.<\/p>\n<p><strong>I\u0161sam\u016bs prek\u0117s parametrai:<\/strong> <a href=\"https:\/\/www.devicespecifications.com\/en\/model\/df9663fb\" target=\"_blank\" rel=\"noopener\">https:\/\/www.devicespecifications.com\/en\/model\/df9663fb<\/a><\/p>\n<p><strong><a href=\"https:\/\/www.resolute.lt\/\">RESOLUTE.LT EL. PARDUOTUV\u0116:<\/a><\/strong><br \/>\n<strong>\u2013 5-7 darbo dien\u0173 pristatymas!<br \/>\n<\/strong>\u2013 Apmok\u0117jimas Google Pay, banko kortele, el. bankininkyste ar PayPal.<br \/>\n\u2013 Tik naujos prek\u0117s su 2 met\u0173 garantija!<\/p>\n<h3><strong>Idealus pasirinkimams ie\u0161kantiems \u0161i\u0173 savybi\u0173 viename \u012frenginyje:<\/strong><\/h3>\n<ul>\n<li>Ypa\u010d didel\u0117s talpos baterija (16000 mAh)<\/li>\n<li>Auk\u0161tos rai\u0161kos kamera (108 MP)<\/li>\n<\/ul>\n<h3><strong>Kiti sm\u016bgiams ir vandeniui atspar\u016bs modeliai:<\/strong><\/h3>\n<ul>\n<li>Domina auk\u0161\u010diausios klas\u0117s telefonas i\u0161 Doogee\u2122? Rekomenduojame <strong><a href=\"https:\/\/resolute.lt\/index.php\/produktas\/doogee-s200-plus-5g-juodas\/\" target=\"_blank\" rel=\"noopener\">Doogee S200 Plus<\/a><\/strong>.<\/li>\n<li>Domina auk\u0161tos klas\u0117s telefonas i\u0161 Ulefone\u2122 iki 400 \u20ac? Rekomenduojame <strong><a href=\"https:\/\/resolute.lt\/index.php\/produktas\/ulefone-armor-27t-pro\/\" target=\"_blank\" rel=\"noopener\">Ulefone Armor 27T Pro<\/a><\/strong>.<\/li>\n<\/ul>\n<p>&nbsp;<\/p>\n<div class=\"t4s-tab-wrapper\" data-t4s-tab-wrapper=\"\">\n<div id=\"t4s-tab-destemplate--19983822913667__main\" class=\"t4s-rte t4s-tab-content\" data-t4s-tab-content=\"\">\n<div class=\"pc_details\"><\/div>\n<\/div>\n<\/div>\n","protected":false},"excerpt":{"rendered":"<p>Oukitel WP56\u00a0\u2013 auk\u0161\u010diausios klas\u0117s vandeniui ir sm\u016bgiams atsparus 5G telefonas su ypa\u010d ilgai be \u012fkrovimo tarnaujan\u010dia 16000 mAh baterija. Telefonas stebina savo 512 GB vidine ir 16 GB RAM atmintimi,\u00a0auk\u0161tos rai\u0161kos 108 MP kamera, 120 Hz 6,8&#8243; IPS ekranu, ypa\u010d spar\u010diu Dimensity\u2122 7050 procesoriumi bei Android 15 operacine sistema su lietuvi\u0173 kalba. Raudonos spalvos versij\u0105 [&#8230;]\n","protected":false},"featured_media":6768,"template":"","meta":[],"product_brand":[],"product_cat":[18],"product_tag":[],"class_list":{"0":"post-6767","1":"product","2":"type-product","3":"status-publish","4":"has-post-thumbnail","6":"product_cat-oukitel-telefonai","8":"first","9":"instock","10":"sale","11":"shipping-taxable","12":"purchasable","13":"product-type-simple"},"yoast_head":"<!-- This site is optimized with the Yoast SEO plugin v27.3 - https:\/\/yoast.com\/product\/yoast-seo-wordpress\/ -->\n<title>Oukitel WP56 - 5G, 512\/12GB, Juodas - Resolute.lt<\/title>\n<meta name=\"description\" content=\"Oukitel WP56 \u2013 vandeniui ir sm\u016bgiams atsparus su 16000 mAh baterija, kokybi\u0161ka auk\u0161tos rai\u0161kos 108 MP kamera bei 120 Hz 6,8\u2033 IPS ekranu.\" \/>\n<meta name=\"robots\" content=\"index, follow, max-snippet:-1, max-image-preview:large, max-video-preview:-1\" \/>\n<link rel=\"canonical\" href=\"https:\/\/resolute.lt\/index.php\/produktas\/oukitel-wp56-5g-juodas\/\" \/>\n<meta property=\"og:locale\" content=\"lt_LT\" \/>\n<meta property=\"og:type\" content=\"article\" \/>\n<meta property=\"og:title\" content=\"Oukitel WP56 - 5G, 512\/12GB, Juodas - Resolute.lt\" \/>\n<meta property=\"og:description\" content=\"Oukitel WP56 \u2013 vandeniui ir sm\u016bgiams atsparus su 16000 mAh baterija, kokybi\u0161ka auk\u0161tos rai\u0161kos 108 MP kamera bei 120 Hz 6,8\u2033 IPS ekranu.\" \/>\n<meta property=\"og:url\" content=\"https:\/\/resolute.lt\/index.php\/produktas\/oukitel-wp56-5g-juodas\/\" \/>\n<meta property=\"og:site_name\" content=\"Resolute.lt\" \/>\n<meta property=\"article:modified_time\" content=\"2026-04-10T12:02:45+00:00\" \/>\n<meta property=\"og:image\" content=\"https:\/\/resolute.lt\/wp-content\/uploads\/2026\/04\/1.-Oukitel-WP56-5G-Juodas-IP68-Smugiams-vandeniui-dulkems-atsparus-telefonas-Waterproof-Rugged-Phone-Triecienizturigs-un-udensnecaurlaidigs-talrunis-Resolute.lt_.jpeg\" \/>\n\t<meta property=\"og:image:width\" content=\"1800\" \/>\n\t<meta property=\"og:image:height\" content=\"1800\" \/>\n\t<meta property=\"og:image:type\" content=\"image\/jpeg\" \/>\n<meta name=\"twitter:card\" content=\"summary_large_image\" \/>\n<meta name=\"twitter:label1\" content=\"Est. reading time\" \/>\n\t<meta name=\"twitter:data1\" content=\"1 minut\u0117\" \/>\n<script type=\"application\/ld+json\" class=\"yoast-schema-graph\">{\"@context\":\"https:\\\/\\\/schema.org\",\"@graph\":[{\"@type\":\"WebPage\",\"@id\":\"https:\\\/\\\/resolute.lt\\\/index.php\\\/produktas\\\/oukitel-wp56-5g-juodas\\\/\",\"url\":\"https:\\\/\\\/resolute.lt\\\/index.php\\\/produktas\\\/oukitel-wp56-5g-juodas\\\/\",\"name\":\"Oukitel WP56 - 5G, 512\\\/12GB, Juodas - Resolute.lt\",\"isPartOf\":{\"@id\":\"https:\\\/\\\/resolute.lt\\\/#website\"},\"primaryImageOfPage\":{\"@id\":\"https:\\\/\\\/resolute.lt\\\/index.php\\\/produktas\\\/oukitel-wp56-5g-juodas\\\/#primaryimage\"},\"image\":{\"@id\":\"https:\\\/\\\/resolute.lt\\\/index.php\\\/produktas\\\/oukitel-wp56-5g-juodas\\\/#primaryimage\"},\"thumbnailUrl\":\"https:\\\/\\\/resolute.lt\\\/wp-content\\\/uploads\\\/2026\\\/04\\\/1.-Oukitel-WP56-5G-Juodas-IP68-Smugiams-vandeniui-dulkems-atsparus-telefonas-Waterproof-Rugged-Phone-Triecienizturigs-un-udensnecaurlaidigs-talrunis-Resolute.lt_.jpeg\",\"datePublished\":\"2026-04-10T11:49:51+00:00\",\"dateModified\":\"2026-04-10T12:02:45+00:00\",\"description\":\"Oukitel WP56 \u2013 vandeniui ir sm\u016bgiams atsparus su 16000 mAh baterija, kokybi\u0161ka auk\u0161tos rai\u0161kos 108 MP kamera bei 120 Hz 6,8\u2033 IPS ekranu.\",\"breadcrumb\":{\"@id\":\"https:\\\/\\\/resolute.lt\\\/index.php\\\/produktas\\\/oukitel-wp56-5g-juodas\\\/#breadcrumb\"},\"inLanguage\":\"lt-LT\",\"potentialAction\":[{\"@type\":\"ReadAction\",\"target\":[\"https:\\\/\\\/resolute.lt\\\/index.php\\\/produktas\\\/oukitel-wp56-5g-juodas\\\/\"]}]},{\"@type\":\"ImageObject\",\"inLanguage\":\"lt-LT\",\"@id\":\"https:\\\/\\\/resolute.lt\\\/index.php\\\/produktas\\\/oukitel-wp56-5g-juodas\\\/#primaryimage\",\"url\":\"https:\\\/\\\/resolute.lt\\\/wp-content\\\/uploads\\\/2026\\\/04\\\/1.-Oukitel-WP56-5G-Juodas-IP68-Smugiams-vandeniui-dulkems-atsparus-telefonas-Waterproof-Rugged-Phone-Triecienizturigs-un-udensnecaurlaidigs-talrunis-Resolute.lt_.jpeg\",\"contentUrl\":\"https:\\\/\\\/resolute.lt\\\/wp-content\\\/uploads\\\/2026\\\/04\\\/1.-Oukitel-WP56-5G-Juodas-IP68-Smugiams-vandeniui-dulkems-atsparus-telefonas-Waterproof-Rugged-Phone-Triecienizturigs-un-udensnecaurlaidigs-talrunis-Resolute.lt_.jpeg\",\"width\":1800,\"height\":1800},{\"@type\":\"BreadcrumbList\",\"@id\":\"https:\\\/\\\/resolute.lt\\\/index.php\\\/produktas\\\/oukitel-wp56-5g-juodas\\\/#breadcrumb\",\"itemListElement\":[{\"@type\":\"ListItem\",\"position\":1,\"name\":\"Home\",\"item\":\"https:\\\/\\\/resolute.lt\\\/\"},{\"@type\":\"ListItem\",\"position\":2,\"name\":\"Resolute.lt\",\"item\":\"https:\\\/\\\/resolute.lt\\\/\"},{\"@type\":\"ListItem\",\"position\":3,\"name\":\"Oukitel WP56 &#8211; 5G, 512\\\/12GB, Juodas\"}]},{\"@type\":\"WebSite\",\"@id\":\"https:\\\/\\\/resolute.lt\\\/#website\",\"url\":\"https:\\\/\\\/resolute.lt\\\/\",\"name\":\"Resolute.lt\",\"description\":\"Sm\u016bgiams ir vandeniui telefonai\",\"potentialAction\":[{\"@type\":\"SearchAction\",\"target\":{\"@type\":\"EntryPoint\",\"urlTemplate\":\"https:\\\/\\\/resolute.lt\\\/?s={search_term_string}\"},\"query-input\":{\"@type\":\"PropertyValueSpecification\",\"valueRequired\":true,\"valueName\":\"search_term_string\"}}],\"inLanguage\":\"lt-LT\"}]}<\/script>\n<!-- \/ Yoast SEO plugin. -->","yoast_head_json":{"title":"Oukitel WP56 - 5G, 512\/12GB, Juodas - Resolute.lt","description":"Oukitel WP56 \u2013 vandeniui ir sm\u016bgiams atsparus su 16000 mAh baterija, kokybi\u0161ka auk\u0161tos rai\u0161kos 108 MP kamera bei 120 Hz 6,8\u2033 IPS ekranu.","robots":{"index":"index","follow":"follow","max-snippet":"max-snippet:-1","max-image-preview":"max-image-preview:large","max-video-preview":"max-video-preview:-1"},"canonical":"https:\/\/resolute.lt\/index.php\/produktas\/oukitel-wp56-5g-juodas\/","og_locale":"lt_LT","og_type":"article","og_title":"Oukitel WP56 - 5G, 512\/12GB, Juodas - Resolute.lt","og_description":"Oukitel WP56 \u2013 vandeniui ir sm\u016bgiams atsparus su 16000 mAh baterija, kokybi\u0161ka auk\u0161tos rai\u0161kos 108 MP kamera bei 120 Hz 6,8\u2033 IPS ekranu.","og_url":"https:\/\/resolute.lt\/index.php\/produktas\/oukitel-wp56-5g-juodas\/","og_site_name":"Resolute.lt","article_modified_time":"2026-04-10T12:02:45+00:00","og_image":[{"width":1800,"height":1800,"url":"https:\/\/resolute.lt\/wp-content\/uploads\/2026\/04\/1.-Oukitel-WP56-5G-Juodas-IP68-Smugiams-vandeniui-dulkems-atsparus-telefonas-Waterproof-Rugged-Phone-Triecienizturigs-un-udensnecaurlaidigs-talrunis-Resolute.lt_.jpeg","type":"image\/jpeg"}],"twitter_card":"summary_large_image","twitter_misc":{"Est. reading time":"1 minut\u0117"},"schema":{"@context":"https:\/\/schema.org","@graph":[{"@type":"WebPage","@id":"https:\/\/resolute.lt\/index.php\/produktas\/oukitel-wp56-5g-juodas\/","url":"https:\/\/resolute.lt\/index.php\/produktas\/oukitel-wp56-5g-juodas\/","name":"Oukitel WP56 - 5G, 512\/12GB, Juodas - Resolute.lt","isPartOf":{"@id":"https:\/\/resolute.lt\/#website"},"primaryImageOfPage":{"@id":"https:\/\/resolute.lt\/index.php\/produktas\/oukitel-wp56-5g-juodas\/#primaryimage"},"image":{"@id":"https:\/\/resolute.lt\/index.php\/produktas\/oukitel-wp56-5g-juodas\/#primaryimage"},"thumbnailUrl":"https:\/\/resolute.lt\/wp-content\/uploads\/2026\/04\/1.-Oukitel-WP56-5G-Juodas-IP68-Smugiams-vandeniui-dulkems-atsparus-telefonas-Waterproof-Rugged-Phone-Triecienizturigs-un-udensnecaurlaidigs-talrunis-Resolute.lt_.jpeg","datePublished":"2026-04-10T11:49:51+00:00","dateModified":"2026-04-10T12:02:45+00:00","description":"Oukitel WP56 \u2013 vandeniui ir sm\u016bgiams atsparus su 16000 mAh baterija, kokybi\u0161ka auk\u0161tos rai\u0161kos 108 MP kamera bei 120 Hz 6,8\u2033 IPS ekranu.","breadcrumb":{"@id":"https:\/\/resolute.lt\/index.php\/produktas\/oukitel-wp56-5g-juodas\/#breadcrumb"},"inLanguage":"lt-LT","potentialAction":[{"@type":"ReadAction","target":["https:\/\/resolute.lt\/index.php\/produktas\/oukitel-wp56-5g-juodas\/"]}]},{"@type":"ImageObject","inLanguage":"lt-LT","@id":"https:\/\/resolute.lt\/index.php\/produktas\/oukitel-wp56-5g-juodas\/#primaryimage","url":"https:\/\/resolute.lt\/wp-content\/uploads\/2026\/04\/1.-Oukitel-WP56-5G-Juodas-IP68-Smugiams-vandeniui-dulkems-atsparus-telefonas-Waterproof-Rugged-Phone-Triecienizturigs-un-udensnecaurlaidigs-talrunis-Resolute.lt_.jpeg","contentUrl":"https:\/\/resolute.lt\/wp-content\/uploads\/2026\/04\/1.-Oukitel-WP56-5G-Juodas-IP68-Smugiams-vandeniui-dulkems-atsparus-telefonas-Waterproof-Rugged-Phone-Triecienizturigs-un-udensnecaurlaidigs-talrunis-Resolute.lt_.jpeg","width":1800,"height":1800},{"@type":"BreadcrumbList","@id":"https:\/\/resolute.lt\/index.php\/produktas\/oukitel-wp56-5g-juodas\/#breadcrumb","itemListElement":[{"@type":"ListItem","position":1,"name":"Home","item":"https:\/\/resolute.lt\/"},{"@type":"ListItem","position":2,"name":"Resolute.lt","item":"https:\/\/resolute.lt\/"},{"@type":"ListItem","position":3,"name":"Oukitel WP56 &#8211; 5G, 512\/12GB, Juodas"}]},{"@type":"WebSite","@id":"https:\/\/resolute.lt\/#website","url":"https:\/\/resolute.lt\/","name":"Resolute.lt","description":"Sm\u016bgiams ir vandeniui telefonai","potentialAction":[{"@type":"SearchAction","target":{"@type":"EntryPoint","urlTemplate":"https:\/\/resolute.lt\/?s={search_term_string}"},"query-input":{"@type":"PropertyValueSpecification","valueRequired":true,"valueName":"search_term_string"}}],"inLanguage":"lt-LT"}]}},"_links":{"self":[{"href":"https:\/\/resolute.lt\/index.php\/wp-json\/wp\/v2\/product\/6767","targetHints":{"allow":["GET"]}}],"collection":[{"href":"https:\/\/resolute.lt\/index.php\/wp-json\/wp\/v2\/product"}],"about":[{"href":"https:\/\/resolute.lt\/index.php\/wp-json\/wp\/v2\/types\/product"}],"wp:featuredmedia":[{"embeddable":true,"href":"https:\/\/resolute.lt\/index.php\/wp-json\/wp\/v2\/media\/6768"}],"wp:attachment":[{"href":"https:\/\/resolute.lt\/index.php\/wp-json\/wp\/v2\/media?parent=6767"}],"wp:term":[{"taxonomy":"product_brand","embeddable":true,"href":"https:\/\/resolute.lt\/index.php\/wp-json\/wp\/v2\/product_brand?post=6767"},{"taxonomy":"product_cat","embeddable":true,"href":"https:\/\/resolute.lt\/index.php\/wp-json\/wp\/v2\/product_cat?post=6767"},{"taxonomy":"product_tag","embeddable":true,"href":"https:\/\/resolute.lt\/index.php\/wp-json\/wp\/v2\/product_tag?post=6767"}],"curies":[{"name":"wp","href":"https:\/\/api.w.org\/{rel}","templated":true}]}}