{"id":5510,"date":"2025-01-28T19:22:07","date_gmt":"2025-01-28T19:22:07","guid":{"rendered":"https:\/\/resolute.lt\/?post_type=product&#038;p=5510"},"modified":"2025-12-13T00:15:56","modified_gmt":"2025-12-13T00:15:56","slug":"ulefone-armor-x31-pro-5g-zalias","status":"publish","type":"product","link":"https:\/\/resolute.lt\/index.php\/produktas\/ulefone-armor-x31-pro-5g-zalias\/","title":{"rendered":"Ulefone Armor X31 Pro &#8211; 5G, 256\/8GB, \u017dalias"},"content":{"rendered":"<p><strong>Ulefone Armor X31 Pro<\/strong> \u2013 naujausias vandeniui ir sm\u016bgiams atsparus telefonas i\u0161 ilgamet\u0117s Armor X\u2122 serijos. Savo kainos kategorijoje \u012frenginys pasi\u017eymi nepranokstamomis savyb\u0117mis: modernia 64 MP pargindine kamera, 25 MP naktinio matymo kamera, 256 GB vidine ir 8 GB RAM atmintimi, Dimensity\u2122 6300 procesoriumi, 6050 mAh baterija su 18 W \u012fkrovimu bei Android 14 operacine sistema su lietuvi\u0173 kalba. Juodos spalvos korpusas su \u017ealiais akcentais.<\/p>\n<p><strong><a href=\"https:\/\/www.resolute.lt\/\">RESOLUTE.LT EL. PARDUOTUV\u0116:<\/a><\/strong><br \/>\n\u2013\u00a0<strong>4-6 darbo dien\u0173 pristatymas!<br \/>\n<\/strong>\u2013 Apmok\u0117jimas Google Pay, banko kortele, el. bankininkyste ar PayPal.<br \/>\n\u2013 Tik naujos prek\u0117s su 2 met\u0173 garantija!<\/p>\n<h3><strong>Idealus pasirinkimams ie\u0161kantiems \u0161i\u0173 savyi\u0173 viename \u012frenginyje:<\/strong><\/h3>\n<ul>\n<li>Naktinio matymo technologija<\/li>\n<li>5G ry\u0161io palaikymas<\/li>\n<\/ul>\n<h3><strong>Kiti sm\u016bgiams ir vandeniui atspar\u016bs Ulefone modeliai:<\/strong><\/h3>\n<ul>\n<li>Reikalinga termovizoriaus technologija? Rekomenduojame <strong><a href=\"https:\/\/resolute.lt\/index.php\/produktas\/ulefone-armor-27t-pro\" target=\"_blank\" rel=\"noopener\">Ulefone Armor 27T Pro<\/a><\/strong>.<\/li>\n<li>Ie\u0161kote patikimo ir patvaraus telefono iki 200 \u20ac?\u00a0Rekomenduojame <strong><a href=\"https:\/\/resolute.lt\/index.php\/produktas\/ulefone-armor-x13-64-juodas\/\" target=\"_blank\" rel=\"noopener\">Ulefone Armor X13<\/a><\/strong>.<\/li>\n<\/ul>\n","protected":false},"excerpt":{"rendered":"<p>Ulefone Armor X31 Pro \u2013 naujausias vandeniui ir sm\u016bgiams atsparus telefonas i\u0161 ilgamet\u0117s Armor X\u2122 serijos. Savo kainos kategorijoje \u012frenginys pasi\u017eymi nepranokstamomis savyb\u0117mis: modernia 64 MP pargindine kamera, 25 MP naktinio matymo kamera, 256 GB vidine ir 8 GB RAM atmintimi, Dimensity\u2122 6300 procesoriumi, 6050 mAh baterija su 18 W \u012fkrovimu bei Android 14 operacine [&#8230;]\n","protected":false},"featured_media":5495,"template":"","meta":[],"product_brand":[],"product_cat":[45,22],"product_tag":[],"class_list":{"0":"post-5510","1":"product","2":"type-product","3":"status-publish","4":"has-post-thumbnail","6":"product_cat-4-6-d-d-pristatymo-prekes","7":"product_cat-ulefone-telefonai","9":"first","10":"instock","11":"sale","12":"shipping-taxable","13":"purchasable","14":"product-type-simple"},"yoast_head":"<!-- This site is optimized with the Yoast SEO plugin v27.5 - https:\/\/yoast.com\/product\/yoast-seo-wordpress\/ -->\n<title>Ulefone Armor X31 Pro - 5G, 256\/8GB, \u017dalias - Resolute.lt<\/title>\n<meta name=\"description\" content=\"Ulefone Armor X31 Pro\u00a0\u2013 vandeniui ir sm\u016bgiams atsparus 5G telefonas su 64 MP pagrindine ir 25 MP naktinio matymo kameromis.\" \/>\n<meta name=\"robots\" content=\"index, follow, max-snippet:-1, max-image-preview:large, max-video-preview:-1\" \/>\n<link rel=\"canonical\" href=\"https:\/\/resolute.lt\/index.php\/produktas\/ulefone-armor-x31-pro-5g-zalias\/\" \/>\n<meta property=\"og:locale\" content=\"lt_LT\" \/>\n<meta property=\"og:type\" content=\"article\" \/>\n<meta property=\"og:title\" content=\"Ulefone Armor X31 Pro - 5G, 256\/8GB, \u017dalias - Resolute.lt\" \/>\n<meta property=\"og:description\" content=\"Ulefone Armor X31 Pro\u00a0\u2013 vandeniui ir sm\u016bgiams atsparus 5G telefonas su 64 MP pagrindine ir 25 MP naktinio matymo kameromis.\" \/>\n<meta property=\"og:url\" content=\"https:\/\/resolute.lt\/index.php\/produktas\/ulefone-armor-x31-pro-5g-zalias\/\" \/>\n<meta property=\"og:site_name\" content=\"Resolute.lt\" \/>\n<meta property=\"article:modified_time\" content=\"2025-12-13T00:15:56+00:00\" \/>\n<meta property=\"og:image\" content=\"https:\/\/resolute.lt\/wp-content\/uploads\/2025\/01\/1.-Ulefone-Armor-X31-Pro-5G-Zalias-Smugiams-vandeniui-dulkems-atsparus-ismanus-telefonas-Rugged-Waterproof-IP68-Phone-Resolute.lt_.jpg\" \/>\n\t<meta property=\"og:image:width\" content=\"500\" \/>\n\t<meta property=\"og:image:height\" content=\"500\" \/>\n\t<meta property=\"og:image:type\" content=\"image\/jpeg\" \/>\n<meta name=\"twitter:card\" content=\"summary_large_image\" \/>\n<meta name=\"twitter:label1\" content=\"Est. reading time\" \/>\n\t<meta name=\"twitter:data1\" content=\"1 minut\u0117\" \/>\n<script type=\"application\/ld+json\" class=\"yoast-schema-graph\">{\"@context\":\"https:\\\/\\\/schema.org\",\"@graph\":[{\"@type\":\"WebPage\",\"@id\":\"https:\\\/\\\/resolute.lt\\\/index.php\\\/produktas\\\/ulefone-armor-x31-pro-5g-zalias\\\/\",\"url\":\"https:\\\/\\\/resolute.lt\\\/index.php\\\/produktas\\\/ulefone-armor-x31-pro-5g-zalias\\\/\",\"name\":\"Ulefone Armor X31 Pro - 5G, 256\\\/8GB, \u017dalias - Resolute.lt\",\"isPartOf\":{\"@id\":\"https:\\\/\\\/resolute.lt\\\/#website\"},\"primaryImageOfPage\":{\"@id\":\"https:\\\/\\\/resolute.lt\\\/index.php\\\/produktas\\\/ulefone-armor-x31-pro-5g-zalias\\\/#primaryimage\"},\"image\":{\"@id\":\"https:\\\/\\\/resolute.lt\\\/index.php\\\/produktas\\\/ulefone-armor-x31-pro-5g-zalias\\\/#primaryimage\"},\"thumbnailUrl\":\"https:\\\/\\\/resolute.lt\\\/wp-content\\\/uploads\\\/2025\\\/01\\\/1.-Ulefone-Armor-X31-Pro-5G-Zalias-Smugiams-vandeniui-dulkems-atsparus-ismanus-telefonas-Rugged-Waterproof-IP68-Phone-Resolute.lt_.jpg\",\"datePublished\":\"2025-01-28T19:22:07+00:00\",\"dateModified\":\"2025-12-13T00:15:56+00:00\",\"description\":\"Ulefone Armor X31 Pro\u00a0\u2013 vandeniui ir sm\u016bgiams atsparus 5G telefonas su 64 MP pagrindine ir 25 MP naktinio matymo kameromis.\",\"breadcrumb\":{\"@id\":\"https:\\\/\\\/resolute.lt\\\/index.php\\\/produktas\\\/ulefone-armor-x31-pro-5g-zalias\\\/#breadcrumb\"},\"inLanguage\":\"lt-LT\",\"potentialAction\":[{\"@type\":\"ReadAction\",\"target\":[\"https:\\\/\\\/resolute.lt\\\/index.php\\\/produktas\\\/ulefone-armor-x31-pro-5g-zalias\\\/\"]}]},{\"@type\":\"ImageObject\",\"inLanguage\":\"lt-LT\",\"@id\":\"https:\\\/\\\/resolute.lt\\\/index.php\\\/produktas\\\/ulefone-armor-x31-pro-5g-zalias\\\/#primaryimage\",\"url\":\"https:\\\/\\\/resolute.lt\\\/wp-content\\\/uploads\\\/2025\\\/01\\\/1.-Ulefone-Armor-X31-Pro-5G-Zalias-Smugiams-vandeniui-dulkems-atsparus-ismanus-telefonas-Rugged-Waterproof-IP68-Phone-Resolute.lt_.jpg\",\"contentUrl\":\"https:\\\/\\\/resolute.lt\\\/wp-content\\\/uploads\\\/2025\\\/01\\\/1.-Ulefone-Armor-X31-Pro-5G-Zalias-Smugiams-vandeniui-dulkems-atsparus-ismanus-telefonas-Rugged-Waterproof-IP68-Phone-Resolute.lt_.jpg\",\"width\":500,\"height\":500},{\"@type\":\"BreadcrumbList\",\"@id\":\"https:\\\/\\\/resolute.lt\\\/index.php\\\/produktas\\\/ulefone-armor-x31-pro-5g-zalias\\\/#breadcrumb\",\"itemListElement\":[{\"@type\":\"ListItem\",\"position\":1,\"name\":\"Home\",\"item\":\"https:\\\/\\\/resolute.lt\\\/\"},{\"@type\":\"ListItem\",\"position\":2,\"name\":\"Resolute.lt\",\"item\":\"https:\\\/\\\/resolute.lt\\\/\"},{\"@type\":\"ListItem\",\"position\":3,\"name\":\"Ulefone Armor X31 Pro &#8211; 5G, 256\\\/8GB, \u017dalias\"}]},{\"@type\":\"WebSite\",\"@id\":\"https:\\\/\\\/resolute.lt\\\/#website\",\"url\":\"https:\\\/\\\/resolute.lt\\\/\",\"name\":\"Resolute.lt\",\"description\":\"Sm\u016bgiams ir vandeniui telefonai\",\"potentialAction\":[{\"@type\":\"SearchAction\",\"target\":{\"@type\":\"EntryPoint\",\"urlTemplate\":\"https:\\\/\\\/resolute.lt\\\/?s={search_term_string}\"},\"query-input\":{\"@type\":\"PropertyValueSpecification\",\"valueRequired\":true,\"valueName\":\"search_term_string\"}}],\"inLanguage\":\"lt-LT\"}]}<\/script>\n<!-- \/ Yoast SEO plugin. -->","yoast_head_json":{"title":"Ulefone Armor X31 Pro - 5G, 256\/8GB, \u017dalias - Resolute.lt","description":"Ulefone Armor X31 Pro\u00a0\u2013 vandeniui ir sm\u016bgiams atsparus 5G telefonas su 64 MP pagrindine ir 25 MP naktinio matymo kameromis.","robots":{"index":"index","follow":"follow","max-snippet":"max-snippet:-1","max-image-preview":"max-image-preview:large","max-video-preview":"max-video-preview:-1"},"canonical":"https:\/\/resolute.lt\/index.php\/produktas\/ulefone-armor-x31-pro-5g-zalias\/","og_locale":"lt_LT","og_type":"article","og_title":"Ulefone Armor X31 Pro - 5G, 256\/8GB, \u017dalias - Resolute.lt","og_description":"Ulefone Armor X31 Pro\u00a0\u2013 vandeniui ir sm\u016bgiams atsparus 5G telefonas su 64 MP pagrindine ir 25 MP naktinio matymo kameromis.","og_url":"https:\/\/resolute.lt\/index.php\/produktas\/ulefone-armor-x31-pro-5g-zalias\/","og_site_name":"Resolute.lt","article_modified_time":"2025-12-13T00:15:56+00:00","og_image":[{"width":500,"height":500,"url":"https:\/\/resolute.lt\/wp-content\/uploads\/2025\/01\/1.-Ulefone-Armor-X31-Pro-5G-Zalias-Smugiams-vandeniui-dulkems-atsparus-ismanus-telefonas-Rugged-Waterproof-IP68-Phone-Resolute.lt_.jpg","type":"image\/jpeg"}],"twitter_card":"summary_large_image","twitter_misc":{"Est. reading time":"1 minut\u0117"},"schema":{"@context":"https:\/\/schema.org","@graph":[{"@type":"WebPage","@id":"https:\/\/resolute.lt\/index.php\/produktas\/ulefone-armor-x31-pro-5g-zalias\/","url":"https:\/\/resolute.lt\/index.php\/produktas\/ulefone-armor-x31-pro-5g-zalias\/","name":"Ulefone Armor X31 Pro - 5G, 256\/8GB, \u017dalias - Resolute.lt","isPartOf":{"@id":"https:\/\/resolute.lt\/#website"},"primaryImageOfPage":{"@id":"https:\/\/resolute.lt\/index.php\/produktas\/ulefone-armor-x31-pro-5g-zalias\/#primaryimage"},"image":{"@id":"https:\/\/resolute.lt\/index.php\/produktas\/ulefone-armor-x31-pro-5g-zalias\/#primaryimage"},"thumbnailUrl":"https:\/\/resolute.lt\/wp-content\/uploads\/2025\/01\/1.-Ulefone-Armor-X31-Pro-5G-Zalias-Smugiams-vandeniui-dulkems-atsparus-ismanus-telefonas-Rugged-Waterproof-IP68-Phone-Resolute.lt_.jpg","datePublished":"2025-01-28T19:22:07+00:00","dateModified":"2025-12-13T00:15:56+00:00","description":"Ulefone Armor X31 Pro\u00a0\u2013 vandeniui ir sm\u016bgiams atsparus 5G telefonas su 64 MP pagrindine ir 25 MP naktinio matymo kameromis.","breadcrumb":{"@id":"https:\/\/resolute.lt\/index.php\/produktas\/ulefone-armor-x31-pro-5g-zalias\/#breadcrumb"},"inLanguage":"lt-LT","potentialAction":[{"@type":"ReadAction","target":["https:\/\/resolute.lt\/index.php\/produktas\/ulefone-armor-x31-pro-5g-zalias\/"]}]},{"@type":"ImageObject","inLanguage":"lt-LT","@id":"https:\/\/resolute.lt\/index.php\/produktas\/ulefone-armor-x31-pro-5g-zalias\/#primaryimage","url":"https:\/\/resolute.lt\/wp-content\/uploads\/2025\/01\/1.-Ulefone-Armor-X31-Pro-5G-Zalias-Smugiams-vandeniui-dulkems-atsparus-ismanus-telefonas-Rugged-Waterproof-IP68-Phone-Resolute.lt_.jpg","contentUrl":"https:\/\/resolute.lt\/wp-content\/uploads\/2025\/01\/1.-Ulefone-Armor-X31-Pro-5G-Zalias-Smugiams-vandeniui-dulkems-atsparus-ismanus-telefonas-Rugged-Waterproof-IP68-Phone-Resolute.lt_.jpg","width":500,"height":500},{"@type":"BreadcrumbList","@id":"https:\/\/resolute.lt\/index.php\/produktas\/ulefone-armor-x31-pro-5g-zalias\/#breadcrumb","itemListElement":[{"@type":"ListItem","position":1,"name":"Home","item":"https:\/\/resolute.lt\/"},{"@type":"ListItem","position":2,"name":"Resolute.lt","item":"https:\/\/resolute.lt\/"},{"@type":"ListItem","position":3,"name":"Ulefone Armor X31 Pro &#8211; 5G, 256\/8GB, \u017dalias"}]},{"@type":"WebSite","@id":"https:\/\/resolute.lt\/#website","url":"https:\/\/resolute.lt\/","name":"Resolute.lt","description":"Sm\u016bgiams ir vandeniui telefonai","potentialAction":[{"@type":"SearchAction","target":{"@type":"EntryPoint","urlTemplate":"https:\/\/resolute.lt\/?s={search_term_string}"},"query-input":{"@type":"PropertyValueSpecification","valueRequired":true,"valueName":"search_term_string"}}],"inLanguage":"lt-LT"}]}},"_links":{"self":[{"href":"https:\/\/resolute.lt\/index.php\/wp-json\/wp\/v2\/product\/5510","targetHints":{"allow":["GET"]}}],"collection":[{"href":"https:\/\/resolute.lt\/index.php\/wp-json\/wp\/v2\/product"}],"about":[{"href":"https:\/\/resolute.lt\/index.php\/wp-json\/wp\/v2\/types\/product"}],"wp:featuredmedia":[{"embeddable":true,"href":"https:\/\/resolute.lt\/index.php\/wp-json\/wp\/v2\/media\/5495"}],"wp:attachment":[{"href":"https:\/\/resolute.lt\/index.php\/wp-json\/wp\/v2\/media?parent=5510"}],"wp:term":[{"taxonomy":"product_brand","embeddable":true,"href":"https:\/\/resolute.lt\/index.php\/wp-json\/wp\/v2\/product_brand?post=5510"},{"taxonomy":"product_cat","embeddable":true,"href":"https:\/\/resolute.lt\/index.php\/wp-json\/wp\/v2\/product_cat?post=5510"},{"taxonomy":"product_tag","embeddable":true,"href":"https:\/\/resolute.lt\/index.php\/wp-json\/wp\/v2\/product_tag?post=5510"}],"curies":[{"name":"wp","href":"https:\/\/api.w.org\/{rel}","templated":true}]}}