{"id":5100,"date":"2024-09-12T06:27:40","date_gmt":"2024-09-12T06:27:40","guid":{"rendered":"https:\/\/resolute.lt\/?post_type=product&#038;p=5100"},"modified":"2025-02-20T19:14:29","modified_gmt":"2025-02-20T19:14:29","slug":"samsung-galaxy-z-fold-6-atverciamas-deklas-knygute","status":"publish","type":"product","link":"https:\/\/resolute.lt\/index.php\/produktas\/samsung-galaxy-z-fold-6-atverciamas-deklas-knygute\/","title":{"rendered":"Samsung Galaxy Z Fold 6 atver\u010diamas d\u0117klas &#8211; knygut\u0117"},"content":{"rendered":"<p class=\"lead\">Atlenkiamas apsauginis d\u0117klas <strong>Samsung Galaxy Z Fold 6<\/strong> telefonui su 3 funkcijomis:<\/p>\n<ul>\n<li><strong>Dar didesn\u0117 apsauga <\/strong>\u00a0\u2013 360 laipsni\u0173 apsauga j\u016bs\u0173 telefonui!<\/li>\n<li><strong>Korteli\u0173 skyrius<\/strong> \u2013 banko ir nuolaid\u0173 korteles laikykite vienoje vietoje!<\/li>\n<li><b>Stovas<\/b> \u2013 \u017ei\u016br\u0117kite filmus arba skaitykite su atramos funkcija!<\/li>\n<\/ul>\n<p><strong><a href=\"https:\/\/www.resolute.lt\/\">RESOLUTE.LT EL. PARDUOTUV\u0116:<\/a><\/strong><br \/>\n\u2013 Standartinis <span lang=\"lt\">pristatymas<\/span> (apmokant banko kortele, el. bankininkyste, Paysera ar Paypal).<br \/>\n\u2013 Tik naujos prek\u0117s!<\/p>\n<section id=\"section_2145972809\" class=\"section\">\n<div class=\"section-content relative\">\n<div id=\"row-1175821349\" class=\"row align-center\">\n<div id=\"col-130476939\" class=\"col medium-4 small-10 large-4\">\n<div class=\"col-inner\">\n<h1><strong>Komplektacija<\/strong><\/h1>\n<\/div>\n<\/div>\n<div id=\"col-1358541524\" class=\"col medium-8 small-10 large-8\">\n<div class=\"col-inner\">\n<ul>\n<li><b>1x\u00a0<\/b> Atlenkiamas apsauginis d\u0117klas<\/li>\n<li><strong>1x<\/strong>\u00a0 Stovas &#8211; Laikiklis &#8211; Pakabukas<\/li>\n<\/ul>\n<\/div>\n<\/div>\n<\/div>\n<div id=\"row-214715003\" class=\"row align-center\">\n<div id=\"col-883847564\" class=\"col medium-4 small-10 large-4\">\n<div class=\"col-inner\">\n<h1><strong>Bendrieji parametrai<\/strong><\/h1>\n<\/div>\n<\/div>\n<div id=\"col-35252131\" class=\"col medium-8 small-10 large-8\">\n<div class=\"col-inner\">\n<ul>\n<li><strong>Prek\u0117s tipas:<\/strong> Telefon\u0173 d\u0117klai<\/li>\n<li><b>Prek\u0117s spalva: <\/b>Juoda \/ M\u0117lyna \/ Raudona \/ Ro\u017ein\u0117 \/ \u017dalia<\/li>\n<li><strong>Prek\u0117s med\u017eiaga:<\/strong> TPU, plastikas<\/li>\n<\/ul>\n<\/div>\n<\/div>\n<\/div>\n<\/div>\n<\/section>\n<p>&nbsp;<\/p>\n","protected":false},"excerpt":{"rendered":"<p>Atlenkiamas apsauginis d\u0117klas Samsung Galaxy Z Fold 6 telefonui su 3 funkcijomis: Dar didesn\u0117 apsauga \u00a0\u2013 360 laipsni\u0173 apsauga j\u016bs\u0173 telefonui! Korteli\u0173 skyrius \u2013 banko ir nuolaid\u0173 korteles laikykite vienoje vietoje! Stovas \u2013 \u017ei\u016br\u0117kite filmus arba skaitykite su atramos funkcija! RESOLUTE.LT EL. PARDUOTUV\u0116: \u2013 Standartinis pristatymas (apmokant banko kortele, el. bankininkyste, Paysera ar Paypal). \u2013 [&#8230;]\n","protected":false},"featured_media":5107,"template":"","meta":[],"product_brand":[],"product_cat":[27],"product_tag":[],"class_list":{"0":"post-5100","1":"product","2":"type-product","3":"status-publish","4":"has-post-thumbnail","6":"product_cat-deklai","8":"first","9":"instock","10":"sale","11":"shipping-taxable","12":"purchasable","13":"product-type-variable","14":"has-default-attributes"},"yoast_head":"<!-- This site is optimized with the Yoast SEO plugin v27.5 - https:\/\/yoast.com\/product\/yoast-seo-wordpress\/ -->\n<title>Samsung Galaxy Z Fold 6 atver\u010diamas d\u0117klas - knygut\u0117 - Resolute.lt<\/title>\n<meta name=\"description\" content=\"Atver\u010diamas apsauginis anglies pluo\u0161o stiliaus d\u0117klas - knygut\u0117 Samsung Galaxy Z Fold 6 su skyreliais kortel\u0117ms laikyti ir stovo funkcija.\" \/>\n<meta name=\"robots\" content=\"index, follow, max-snippet:-1, max-image-preview:large, max-video-preview:-1\" \/>\n<link rel=\"canonical\" href=\"https:\/\/resolute.lt\/index.php\/produktas\/samsung-galaxy-z-fold-6-atverciamas-deklas-knygute\/\" \/>\n<meta property=\"og:locale\" content=\"lt_LT\" \/>\n<meta property=\"og:type\" content=\"article\" \/>\n<meta property=\"og:title\" content=\"Samsung Galaxy Z Fold 6 atver\u010diamas d\u0117klas - knygut\u0117 - Resolute.lt\" \/>\n<meta property=\"og:description\" content=\"Atver\u010diamas apsauginis anglies pluo\u0161o stiliaus d\u0117klas - knygut\u0117 Samsung Galaxy Z Fold 6 su skyreliais kortel\u0117ms laikyti ir stovo funkcija.\" \/>\n<meta property=\"og:url\" content=\"https:\/\/resolute.lt\/index.php\/produktas\/samsung-galaxy-z-fold-6-atverciamas-deklas-knygute\/\" \/>\n<meta property=\"og:site_name\" content=\"Resolute.lt\" \/>\n<meta property=\"article:modified_time\" content=\"2025-02-20T19:14:29+00:00\" \/>\n<meta property=\"og:image\" content=\"https:\/\/resolute.lt\/wp-content\/uploads\/2024\/09\/Samsung-Galaxy-Z-Fold-6-atlenkiamas-deklas-su-atrama-Dekliukas-Knygute-Resolute.lt_.jpeg\" \/>\n\t<meta property=\"og:image:width\" content=\"800\" \/>\n\t<meta property=\"og:image:height\" content=\"800\" \/>\n\t<meta property=\"og:image:type\" content=\"image\/jpeg\" \/>\n<meta name=\"twitter:card\" content=\"summary_large_image\" \/>\n<meta name=\"twitter:label1\" content=\"Est. reading time\" \/>\n\t<meta name=\"twitter:data1\" content=\"1 minut\u0117\" \/>\n<script type=\"application\/ld+json\" class=\"yoast-schema-graph\">{\"@context\":\"https:\\\/\\\/schema.org\",\"@graph\":[{\"@type\":\"WebPage\",\"@id\":\"https:\\\/\\\/resolute.lt\\\/index.php\\\/produktas\\\/samsung-galaxy-z-fold-6-atverciamas-deklas-knygute\\\/\",\"url\":\"https:\\\/\\\/resolute.lt\\\/index.php\\\/produktas\\\/samsung-galaxy-z-fold-6-atverciamas-deklas-knygute\\\/\",\"name\":\"Samsung Galaxy Z Fold 6 atver\u010diamas d\u0117klas - knygut\u0117 - Resolute.lt\",\"isPartOf\":{\"@id\":\"https:\\\/\\\/resolute.lt\\\/#website\"},\"primaryImageOfPage\":{\"@id\":\"https:\\\/\\\/resolute.lt\\\/index.php\\\/produktas\\\/samsung-galaxy-z-fold-6-atverciamas-deklas-knygute\\\/#primaryimage\"},\"image\":{\"@id\":\"https:\\\/\\\/resolute.lt\\\/index.php\\\/produktas\\\/samsung-galaxy-z-fold-6-atverciamas-deklas-knygute\\\/#primaryimage\"},\"thumbnailUrl\":\"https:\\\/\\\/resolute.lt\\\/wp-content\\\/uploads\\\/2024\\\/09\\\/Samsung-Galaxy-Z-Fold-6-atlenkiamas-deklas-su-atrama-Dekliukas-Knygute-Resolute.lt_.jpeg\",\"datePublished\":\"2024-09-12T06:27:40+00:00\",\"dateModified\":\"2025-02-20T19:14:29+00:00\",\"description\":\"Atver\u010diamas apsauginis anglies pluo\u0161o stiliaus d\u0117klas - knygut\u0117 Samsung Galaxy Z Fold 6 su skyreliais kortel\u0117ms laikyti ir stovo funkcija.\",\"breadcrumb\":{\"@id\":\"https:\\\/\\\/resolute.lt\\\/index.php\\\/produktas\\\/samsung-galaxy-z-fold-6-atverciamas-deklas-knygute\\\/#breadcrumb\"},\"inLanguage\":\"lt-LT\",\"potentialAction\":[{\"@type\":\"ReadAction\",\"target\":[\"https:\\\/\\\/resolute.lt\\\/index.php\\\/produktas\\\/samsung-galaxy-z-fold-6-atverciamas-deklas-knygute\\\/\"]}]},{\"@type\":\"ImageObject\",\"inLanguage\":\"lt-LT\",\"@id\":\"https:\\\/\\\/resolute.lt\\\/index.php\\\/produktas\\\/samsung-galaxy-z-fold-6-atverciamas-deklas-knygute\\\/#primaryimage\",\"url\":\"https:\\\/\\\/resolute.lt\\\/wp-content\\\/uploads\\\/2024\\\/09\\\/Samsung-Galaxy-Z-Fold-6-atlenkiamas-deklas-su-atrama-Dekliukas-Knygute-Resolute.lt_.jpeg\",\"contentUrl\":\"https:\\\/\\\/resolute.lt\\\/wp-content\\\/uploads\\\/2024\\\/09\\\/Samsung-Galaxy-Z-Fold-6-atlenkiamas-deklas-su-atrama-Dekliukas-Knygute-Resolute.lt_.jpeg\",\"width\":800,\"height\":800},{\"@type\":\"BreadcrumbList\",\"@id\":\"https:\\\/\\\/resolute.lt\\\/index.php\\\/produktas\\\/samsung-galaxy-z-fold-6-atverciamas-deklas-knygute\\\/#breadcrumb\",\"itemListElement\":[{\"@type\":\"ListItem\",\"position\":1,\"name\":\"Home\",\"item\":\"https:\\\/\\\/resolute.lt\\\/\"},{\"@type\":\"ListItem\",\"position\":2,\"name\":\"Resolute.lt\",\"item\":\"https:\\\/\\\/resolute.lt\\\/\"},{\"@type\":\"ListItem\",\"position\":3,\"name\":\"Samsung Galaxy Z Fold 6 atver\u010diamas d\u0117klas &#8211; knygut\u0117\"}]},{\"@type\":\"WebSite\",\"@id\":\"https:\\\/\\\/resolute.lt\\\/#website\",\"url\":\"https:\\\/\\\/resolute.lt\\\/\",\"name\":\"Resolute.lt\",\"description\":\"Sm\u016bgiams ir vandeniui telefonai\",\"potentialAction\":[{\"@type\":\"SearchAction\",\"target\":{\"@type\":\"EntryPoint\",\"urlTemplate\":\"https:\\\/\\\/resolute.lt\\\/?s={search_term_string}\"},\"query-input\":{\"@type\":\"PropertyValueSpecification\",\"valueRequired\":true,\"valueName\":\"search_term_string\"}}],\"inLanguage\":\"lt-LT\"}]}<\/script>\n<!-- \/ Yoast SEO plugin. -->","yoast_head_json":{"title":"Samsung Galaxy Z Fold 6 atver\u010diamas d\u0117klas - knygut\u0117 - Resolute.lt","description":"Atver\u010diamas apsauginis anglies pluo\u0161o stiliaus d\u0117klas - knygut\u0117 Samsung Galaxy Z Fold 6 su skyreliais kortel\u0117ms laikyti ir stovo funkcija.","robots":{"index":"index","follow":"follow","max-snippet":"max-snippet:-1","max-image-preview":"max-image-preview:large","max-video-preview":"max-video-preview:-1"},"canonical":"https:\/\/resolute.lt\/index.php\/produktas\/samsung-galaxy-z-fold-6-atverciamas-deklas-knygute\/","og_locale":"lt_LT","og_type":"article","og_title":"Samsung Galaxy Z Fold 6 atver\u010diamas d\u0117klas - knygut\u0117 - Resolute.lt","og_description":"Atver\u010diamas apsauginis anglies pluo\u0161o stiliaus d\u0117klas - knygut\u0117 Samsung Galaxy Z Fold 6 su skyreliais kortel\u0117ms laikyti ir stovo funkcija.","og_url":"https:\/\/resolute.lt\/index.php\/produktas\/samsung-galaxy-z-fold-6-atverciamas-deklas-knygute\/","og_site_name":"Resolute.lt","article_modified_time":"2025-02-20T19:14:29+00:00","og_image":[{"width":800,"height":800,"url":"https:\/\/resolute.lt\/wp-content\/uploads\/2024\/09\/Samsung-Galaxy-Z-Fold-6-atlenkiamas-deklas-su-atrama-Dekliukas-Knygute-Resolute.lt_.jpeg","type":"image\/jpeg"}],"twitter_card":"summary_large_image","twitter_misc":{"Est. reading time":"1 minut\u0117"},"schema":{"@context":"https:\/\/schema.org","@graph":[{"@type":"WebPage","@id":"https:\/\/resolute.lt\/index.php\/produktas\/samsung-galaxy-z-fold-6-atverciamas-deklas-knygute\/","url":"https:\/\/resolute.lt\/index.php\/produktas\/samsung-galaxy-z-fold-6-atverciamas-deklas-knygute\/","name":"Samsung Galaxy Z Fold 6 atver\u010diamas d\u0117klas - knygut\u0117 - Resolute.lt","isPartOf":{"@id":"https:\/\/resolute.lt\/#website"},"primaryImageOfPage":{"@id":"https:\/\/resolute.lt\/index.php\/produktas\/samsung-galaxy-z-fold-6-atverciamas-deklas-knygute\/#primaryimage"},"image":{"@id":"https:\/\/resolute.lt\/index.php\/produktas\/samsung-galaxy-z-fold-6-atverciamas-deklas-knygute\/#primaryimage"},"thumbnailUrl":"https:\/\/resolute.lt\/wp-content\/uploads\/2024\/09\/Samsung-Galaxy-Z-Fold-6-atlenkiamas-deklas-su-atrama-Dekliukas-Knygute-Resolute.lt_.jpeg","datePublished":"2024-09-12T06:27:40+00:00","dateModified":"2025-02-20T19:14:29+00:00","description":"Atver\u010diamas apsauginis anglies pluo\u0161o stiliaus d\u0117klas - knygut\u0117 Samsung Galaxy Z Fold 6 su skyreliais kortel\u0117ms laikyti ir stovo funkcija.","breadcrumb":{"@id":"https:\/\/resolute.lt\/index.php\/produktas\/samsung-galaxy-z-fold-6-atverciamas-deklas-knygute\/#breadcrumb"},"inLanguage":"lt-LT","potentialAction":[{"@type":"ReadAction","target":["https:\/\/resolute.lt\/index.php\/produktas\/samsung-galaxy-z-fold-6-atverciamas-deklas-knygute\/"]}]},{"@type":"ImageObject","inLanguage":"lt-LT","@id":"https:\/\/resolute.lt\/index.php\/produktas\/samsung-galaxy-z-fold-6-atverciamas-deklas-knygute\/#primaryimage","url":"https:\/\/resolute.lt\/wp-content\/uploads\/2024\/09\/Samsung-Galaxy-Z-Fold-6-atlenkiamas-deklas-su-atrama-Dekliukas-Knygute-Resolute.lt_.jpeg","contentUrl":"https:\/\/resolute.lt\/wp-content\/uploads\/2024\/09\/Samsung-Galaxy-Z-Fold-6-atlenkiamas-deklas-su-atrama-Dekliukas-Knygute-Resolute.lt_.jpeg","width":800,"height":800},{"@type":"BreadcrumbList","@id":"https:\/\/resolute.lt\/index.php\/produktas\/samsung-galaxy-z-fold-6-atverciamas-deklas-knygute\/#breadcrumb","itemListElement":[{"@type":"ListItem","position":1,"name":"Home","item":"https:\/\/resolute.lt\/"},{"@type":"ListItem","position":2,"name":"Resolute.lt","item":"https:\/\/resolute.lt\/"},{"@type":"ListItem","position":3,"name":"Samsung Galaxy Z Fold 6 atver\u010diamas d\u0117klas &#8211; knygut\u0117"}]},{"@type":"WebSite","@id":"https:\/\/resolute.lt\/#website","url":"https:\/\/resolute.lt\/","name":"Resolute.lt","description":"Sm\u016bgiams ir vandeniui telefonai","potentialAction":[{"@type":"SearchAction","target":{"@type":"EntryPoint","urlTemplate":"https:\/\/resolute.lt\/?s={search_term_string}"},"query-input":{"@type":"PropertyValueSpecification","valueRequired":true,"valueName":"search_term_string"}}],"inLanguage":"lt-LT"}]}},"_links":{"self":[{"href":"https:\/\/resolute.lt\/index.php\/wp-json\/wp\/v2\/product\/5100","targetHints":{"allow":["GET"]}}],"collection":[{"href":"https:\/\/resolute.lt\/index.php\/wp-json\/wp\/v2\/product"}],"about":[{"href":"https:\/\/resolute.lt\/index.php\/wp-json\/wp\/v2\/types\/product"}],"wp:featuredmedia":[{"embeddable":true,"href":"https:\/\/resolute.lt\/index.php\/wp-json\/wp\/v2\/media\/5107"}],"wp:attachment":[{"href":"https:\/\/resolute.lt\/index.php\/wp-json\/wp\/v2\/media?parent=5100"}],"wp:term":[{"taxonomy":"product_brand","embeddable":true,"href":"https:\/\/resolute.lt\/index.php\/wp-json\/wp\/v2\/product_brand?post=5100"},{"taxonomy":"product_cat","embeddable":true,"href":"https:\/\/resolute.lt\/index.php\/wp-json\/wp\/v2\/product_cat?post=5100"},{"taxonomy":"product_tag","embeddable":true,"href":"https:\/\/resolute.lt\/index.php\/wp-json\/wp\/v2\/product_tag?post=5100"}],"curies":[{"name":"wp","href":"https:\/\/api.w.org\/{rel}","templated":true}]}}