{"id":4521,"date":"2024-03-18T08:41:44","date_gmt":"2024-03-18T08:41:44","guid":{"rendered":"https:\/\/resolute.lt\/?post_type=product&#038;p=4521"},"modified":"2025-06-19T10:14:45","modified_gmt":"2025-06-19T10:14:45","slug":"iiif150-b2-juodas","status":"publish","type":"product","link":"https:\/\/resolute.lt\/index.php\/produktas\/iiif150-b2-juodas\/","title":{"rendered":"IIIF150 B2 &#8211; 256\/6GB, Juodas"},"content":{"rendered":"<p><strong>IIIF150 B2<\/strong> \u2013 i\u0161skirtinio dizaino vandeniui ir sm\u016bgiams atsparus telefonas su 20 MP Sony naktinio matymo kamera bei <strong>10 000 mAh baterija<\/strong>, kuri leis pamir\u0161ti apie telefono \u012fkrovim\u0105 ilgam laikui! Telefonas taip pat pasi\u017eymi net 256 GB vidine ir 6 GB RAM atmintimi, kokybi\u0161ka 48 MP pagrindine kamera bei Android 13 operacine sistema. Juodo kamuflia\u017eo spalvos korpusas.<\/p>\n<p><strong><a href=\"https:\/\/www.resolute.lt\/\">RESOLUTE.LT EL. PARDUOTUV\u0116:<\/a><br \/>\n<\/strong><strong>\u2013 7-9 darbo dien\u0173 pristatymas!<br \/>\n<\/strong>\u2013 Apmok\u0117jimas Google Pay, banko kortele, el. bankininkyste ar PayPal.<br \/>\n\u2013 Galimyb\u0117 \u012fsigyti gyvai Vilniuje (kreiptis +37062296802).<br \/>\n\u2013 Tik naujos prek\u0117s su 2 met\u0173 garantija!<\/p>\n<section id=\"section_2145972809\" class=\"section\">\n<div class=\"section-content relative\">\n<div id=\"row-1175821349\" class=\"row align-center\">\n<div id=\"col-130476939\" class=\"col medium-4 small-10 large-4\">\n<div class=\"col-inner\">\n<h1><strong>Komplektacija<\/strong><\/h1>\n<\/div>\n<\/div>\n<div id=\"col-1358541524\" class=\"col medium-8 small-10 large-8\">\n<div class=\"col-inner\">\n<ul>\n<li><b>1x <\/b>I\u0161manus telefonas<\/li>\n<li><b>1x <\/b>EU \u012fkroviklis<\/li>\n<li><b>1x <\/b>USB-C laidas<\/li>\n<li><b>1x<\/b> Naudojimosi instrukcijos<\/li>\n<\/ul>\n<\/div>\n<\/div>\n<\/div>\n<div id=\"row-214715003\" class=\"row align-center\">\n<div id=\"col-883847564\" class=\"col medium-4 small-10 large-4\">\n<div class=\"col-inner\">\n<h1><strong>Bendrieji parametrai<\/strong><\/h1>\n<\/div>\n<\/div>\n<div id=\"col-35252131\" class=\"col medium-8 small-10 large-8\">\n<div class=\"col-inner\">\n<ul>\n<li><strong>Prek\u0117s tipas:<\/strong> Mobilieji telefonai<\/li>\n<li><strong>Prek\u0117s spalva:<\/strong> Juodo kamuflia\u017eo<\/li>\n<li><strong>Palaikom\u0173 SIM korteli\u0173 kiekis:<\/strong> 2<\/li>\n<li><strong>Palaikom\u0173 SIM korteli\u0173 tipas:<\/strong> NanoSIM<\/li>\n<\/ul>\n<\/div>\n<\/div>\n<\/div>\n<div id=\"row-1024473742\" class=\"row align-center\">\n<div id=\"col-1535055361\" class=\"col medium-4 small-10 large-4\">\n<div class=\"col-inner\">\n<h1><strong>Operacin\u0117 sistema<\/strong><\/h1>\n<\/div>\n<\/div>\n<div id=\"col-1619534892\" class=\"col medium-8 small-10 large-8\">\n<div class=\"col-inner\">\n<ul>\n<li><strong>Operacin\u0117 sistema:<\/strong> Android<\/li>\n<li><strong>Operacin\u0117s sistemos versija: <\/strong>13<\/li>\n<li><strong>Palaikomos kalbos:<\/strong> Lietuvi\u0173, angl\u0173, \u010dek\u0173, pranc\u016bz\u0173, vokie\u010di\u0173, ital\u0173, lenk\u0173, ispan\u0173, \u0161ved\u0173, ukrainie\u010di\u0173, rus\u0173 ir kt.<\/li>\n<\/ul>\n<\/div>\n<\/div>\n<\/div>\n<div id=\"row-307646383\" class=\"row align-center\">\n<div id=\"col-1651260670\" class=\"col medium-4 small-10 large-4\">\n<div class=\"col-inner\">\n<h1><strong>Ekranas<\/strong><\/h1>\n<\/div>\n<\/div>\n<div id=\"col-999120238\" class=\"col medium-8 small-10 large-8\">\n<div class=\"col-inner\">\n<ul>\n<li><strong>Dydis:<\/strong> 6,5\u2033<\/li>\n<li><strong>Rai\u0161ka:<\/strong> 2400 x 1080<\/li>\n<li><strong>PPI (pikseliai per col\u012f): <\/strong>405<\/li>\n<li><strong>Tipas:<\/strong> IPS LCD<\/li>\n<li><strong>Plotas:<\/strong> 73,34 %<\/li>\n<li><strong>I\u0161orinio stiklo tipas:<\/strong> Corning Gorilla\u00ae Glass<\/li>\n<li><strong>Pir\u0161tini\u0173 re\u017eimas:<\/strong> Taip<\/li>\n<li><strong>Galinio ekrano dydis:<\/strong> 1&#8243;<\/li>\n<\/ul>\n<\/div>\n<\/div>\n<\/div>\n<div id=\"row-1849913578\" class=\"row align-center\">\n<div id=\"col-432336610\" class=\"col medium-4 small-10 large-4\">\n<div class=\"col-inner\">\n<h1><strong>Procesorius ir<\/strong><\/h1>\n<p><strong>vaizdo plok\u0161t\u0117<\/strong><\/p>\n<\/div>\n<\/div>\n<div id=\"col-1538200702\" class=\"col medium-8 small-10 large-8\">\n<div class=\"col-inner\">\n<ul>\n<li><strong>Procesoriaus modelis: <\/strong>Unisoc\u00ae Tiger T606<\/li>\n<li><strong>Proceso technologija:<\/strong> 12 nm<\/li>\n<li><strong>Procesoriaus branduoliai:<\/strong> 8<\/li>\n<li><strong>Procesoriaus branduoli\u0173 da\u017eniai:<\/strong> 2&#215;2,6 GHz Cortex-A75 ir 6x 1,6 GHz Cortex-A55<\/li>\n<li><strong>Vaizdo plok\u0161t\u0117s modelis: <\/strong>ARM Mali-G57 MP1<\/li>\n<li><strong>Vaizdo plok\u0161t\u0117s branduoliai: <\/strong>1<\/li>\n<li><strong>Vaizdo plok\u0161t\u0117s branduoli\u0173 da\u017eniai:<\/strong> 0,65 GHz<\/li>\n<\/ul>\n<\/div>\n<\/div>\n<\/div>\n<div id=\"row-2111937453\" class=\"row align-center\">\n<div id=\"col-1355999373\" class=\"col medium-4 small-10 large-4\">\n<div class=\"col-inner\">\n<h1><strong>Atmintis<\/strong><\/h1>\n<\/div>\n<\/div>\n<div id=\"col-2062834539\" class=\"col medium-8 small-10 large-8\">\n<div class=\"col-inner\">\n<ul>\n<li><strong>Vidin\u0117 atminis: <\/strong>256 GB<\/li>\n<li><strong>Bendra darbin\u0117 atmintis (RAM):<\/strong> 12 GB<\/li>\n<li><strong>Fizin\u0117 darbin\u0117 atmintis (RAM): <\/strong>6 GB<\/li>\n<li><strong>Virtuali darbin\u0117 atmintis (RAM):<\/strong> 6 GB<\/li>\n<li><strong>Darbin\u0117s atminties da\u017enis:<\/strong> 1,6 GHz<\/li>\n<li><strong>Atminties kortel\u0117s tipas: <\/strong>MicroSD<\/li>\n<li><strong>Atminties kortel\u0117s talpa<\/strong>: iki 2 TB<\/li>\n<\/ul>\n<\/div>\n<\/div>\n<\/div>\n<div id=\"row-1271375553\" class=\"row align-center\">\n<div id=\"col-201046948\" class=\"col medium-4 small-10 large-4\">\n<div class=\"col-inner\">\n<h1><strong>Pagrindin\u0117 kamera<\/strong><\/h1>\n<\/div>\n<\/div>\n<div id=\"col-1326179394\" class=\"col medium-8 small-10 large-8\">\n<div class=\"col-inner\">\n<ul>\n<li><strong>Sensori\u0173 kiekis: <\/strong>3<\/li>\n<li><strong>Pagrindinis sensorius:<\/strong> 48 MP<\/li>\n<li><strong>Naktinio matymo sensorius: <\/strong>20 MP, Sony IMX350 Exmor RS<b>\u2122<\/b><\/li>\n<li><strong>Makro sensorius:<\/strong> 2 MP<\/li>\n<li><strong>Filmavimas: <\/strong>1080p@30fps<\/li>\n<li><strong>Blykst\u0117s tipas:<\/strong> triguba LED<\/li>\n<\/ul>\n<\/div>\n<\/div>\n<\/div>\n<div id=\"row-588910997\" class=\"row align-center\">\n<div id=\"col-968358050\" class=\"col medium-4 small-10 large-4\">\n<div class=\"col-inner\">\n<h1><strong>Priekin\u0117 kamera<\/strong><\/h1>\n<\/div>\n<\/div>\n<div id=\"col-1326179394\" class=\"col medium-8 small-10 large-8\">\n<div class=\"col-inner\">\n<ul>\n<li><strong>Sensorius: <\/strong>8 MP, Samsung\u00ae S5K3P9SP<\/li>\n<li><strong>Filmavimas: <\/strong>1080p@30fps<\/li>\n<\/ul>\n<\/div>\n<\/div>\n<\/div>\n<div id=\"row-588910997\" class=\"row align-center\">\n<div id=\"col-968358050\" class=\"col medium-4 small-10 large-4\">\n<div class=\"col-inner\">\n<h1><strong>Internetas ir komunikacija<\/strong><\/h1>\n<\/div>\n<\/div>\n<div id=\"col-446095547\" class=\"col medium-8 small-10 large-8\">\n<div class=\"col-inner\">\n<ul>\n<li><strong>WiFi s\u0105saja: <\/strong>Taip<\/li>\n<li><strong>3G ry\u0161ys: <\/strong>Taip<\/li>\n<li><strong>4G ry\u0161ys: <\/strong>Taip<\/li>\n<li><strong>5G ry\u0161ys:<\/strong> Ne<\/li>\n<li><strong>Bluetooth s\u0105saja: <\/strong>Taip<\/li>\n<li><strong>Bluetooth versija: <\/strong>5.0<\/li>\n<li><strong>NFC s\u0105saja: <\/strong>Taip<\/li>\n<li><strong>FM radijas: <\/strong>Taip<\/li>\n<li><strong>GPS s\u0105saja: <\/strong>Taip<\/li>\n<li><strong>GPS sistemos:<\/strong> GPS, A-GPS, BeiDou, Galileo, GLONASS<\/li>\n<\/ul>\n<\/div>\n<\/div>\n<\/div>\n<div id=\"row-693316153\" class=\"row align-center\">\n<div id=\"col-1853202518\" class=\"col medium-4 small-10 large-4\">\n<div class=\"col-inner\">\n<h1><strong>Lizdai ir sensoriai<\/strong><\/h1>\n<\/div>\n<\/div>\n<div id=\"col-341096956\" class=\"col medium-8 small-10 large-8\">\n<div class=\"col-inner\">\n<ul>\n<li><strong>USB lizdo tipas:<\/strong> USB-C<\/li>\n<li><strong>Ausini\u0173 lizdas (AUX): <\/strong>Ne<\/li>\n<li><strong>Pir\u0161t\u0173 antspaud\u0173 sensorius:<\/strong> Taip<\/li>\n<li><strong>Pir\u0161to antspaud\u0173 sensoriaus tipas:<\/strong> \u0160oninis<\/li>\n<\/ul>\n<\/div>\n<\/div>\n<\/div>\n<div id=\"row-46018524\" class=\"row align-center\">\n<div id=\"col-1418837096\" class=\"col medium-4 small-10 large-4\">\n<div class=\"col-inner\">\n<h1><strong>Baterija<\/strong><\/h1>\n<\/div>\n<\/div>\n<div id=\"col-1976749272\" class=\"col medium-8 small-10 large-8\">\n<div class=\"col-inner\">\n<ul>\n<li><strong>Baterijos talpa: <\/strong>10 000 mAh<\/li>\n<li><strong>Greitasis \u012fkrovimas: <\/strong>Taip<\/li>\n<li><strong>Belaidis \u012fkrovimas: <\/strong>Ne<\/li>\n<li><strong>4G video laikas:<\/strong> 15 valand\u0173<\/li>\n<li><strong>4G bud\u0117jimo laikas:<\/strong> 45,8 dienos<\/li>\n<\/ul>\n<\/div>\n<\/div>\n<\/div>\n<div id=\"row-1009664519\" class=\"row align-center\">\n<div id=\"col-477520799\" class=\"col medium-4 small-10 large-4\">\n<div class=\"col-inner\">\n<h1><b>Matmenys ir svoris<\/b><\/h1>\n<\/div>\n<\/div>\n<div id=\"col-1429020984\" class=\"col medium-8 small-10 large-8\">\n<div class=\"col-inner\">\n<ul>\n<li><strong>Matmenys:<\/strong> 171 x 81,6 x 16,65 mm<\/li>\n<li><strong>Svoris:<\/strong> 356 g<\/li>\n<\/ul>\n<\/div>\n<\/div>\n<\/div>\n<div id=\"row-468646911\" class=\"row align-center\">\n<div id=\"col-1185701877\" class=\"col medium-4 small-10 large-4\">\n<div class=\"col-inner\">\n<h1><strong>Papildomi duomenys<\/strong><\/h1>\n<\/div>\n<\/div>\n<div id=\"col-1424211009\" class=\"col medium-8 small-10 large-8\">\n<div class=\"col-inner\">\n<ul>\n<li>I\u0161leidimo laikas: 2023 m. spalis<\/li>\n<li>Gamybos laikas: 2025 m. I ketvirtis<\/li>\n<li>IP68\/IP69K standartas (atsparumas vandeniui ir dulk\u0117ms)<\/li>\n<li>STD-810 standartas<\/li>\n<li>Suasmenintas mytukas<\/li>\n<\/ul>\n<\/div>\n<\/div>\n<\/div>\n<p><img decoding=\"async\" class=\"img_loading\" src=\"https:\/\/ae01.alicdn.com\/kf\/S24d0d231d7314fd1844968c3fcd7288dP.jpg\" \/><\/p>\n<p><img decoding=\"async\" class=\"img_loading\" src=\"https:\/\/ae01.alicdn.com\/kf\/S94767bf70d534eb5aed30da248a8455fy.jpg\" \/><\/p>\n<p><img decoding=\"async\" class=\"img_loading\" src=\"https:\/\/ae01.alicdn.com\/kf\/S020efd4409ea41ec8608abeb02d68246f.jpg\" \/><\/p>\n<p><img decoding=\"async\" class=\"img_loading\" src=\"https:\/\/ae01.alicdn.com\/kf\/Sd591882557274ec1a74bdd5cfd4e77c0n.jpg\" \/><\/p>\n<p align=\"center\"><img decoding=\"async\" class=\"img_loading\" src=\"https:\/\/ae01.alicdn.com\/kf\/S82e46e30860549b3af0d51a9e95b9d69D.jpg\" \/><\/p>\n<p align=\"center\"><img decoding=\"async\" class=\"img_loading\" src=\"https:\/\/ae01.alicdn.com\/kf\/S2933272a12864b3dacb293e97e6a0c7em.jpg\" \/><\/p>\n<p><img decoding=\"async\" class=\"img_loading\" src=\"https:\/\/ae01.alicdn.com\/kf\/S0ede3f411e684b22acba7b3ea1b84eea2.jpg\" \/><\/p>\n<h1 align=\"center\"><img decoding=\"async\" class=\"img_loading\" src=\"https:\/\/ae01.alicdn.com\/kf\/S7a6ffd9d6aa14a2b99a42f1462106930z.jpg\" \/><img decoding=\"async\" class=\"img_loading\" src=\"https:\/\/ae01.alicdn.com\/kf\/Se27b5ebf760340809f9150f00d2e2110M.jpg\" \/><img decoding=\"async\" class=\"img_loading\" src=\"https:\/\/ae01.alicdn.com\/kf\/S508476a62b3d492bbe20ff3fa7505534K.jpg\" \/><\/h1>\n<h1 align=\"center\"><img decoding=\"async\" class=\"img_loading\" src=\"https:\/\/ae01.alicdn.com\/kf\/Sb2827f94fa8d45e7bc232e8f91b12d13v.jpg\" \/><\/h1>\n<p align=\"center\"><img decoding=\"async\" class=\"img_loading\" src=\"https:\/\/ae01.alicdn.com\/kf\/Sd5209b46c3f6428ba337c4fa0b6e1fd3T.jpg\" \/><\/p>\n<p><img decoding=\"async\" class=\"img_loading\" src=\"https:\/\/ae01.alicdn.com\/kf\/S7cb93b9a872a40bbba04570ae15bd0c1y.jpg\" \/><\/p>\n<h1 align=\"center\"><strong>IP68,IP69K,And STD-810H<\/strong><\/h1>\n<p align=\"center\"><img decoding=\"async\" class=\"img_loading\" src=\"https:\/\/ae01.alicdn.com\/kf\/S901f113a4f344033acd20195d670f3d9M.jpg\" \/><\/p>\n<p><img decoding=\"async\" class=\"img_loading\" src=\"https:\/\/ae01.alicdn.com\/kf\/Sbeaf597973fd41c89558ba2e753ea8edc.jpg\" \/><\/p>\n<p><img decoding=\"async\" class=\"img_loading\" src=\"https:\/\/ae01.alicdn.com\/kf\/Sba8c2b9da7f74bffbd0d850952967647v.jpg\" \/><\/p>\n<p><img decoding=\"async\" class=\"img_loading\" src=\"https:\/\/ae01.alicdn.com\/kf\/S77310981709642a59c6b8bab35a6dffdt.jpg\" \/><\/p>\n<p><img decoding=\"async\" class=\"img_loading\" src=\"https:\/\/ae01.alicdn.com\/kf\/Sdabde7bd304c489f8d188be58bde74a1q.jpg\" \/><\/p>\n<\/div>\n<\/section>\n","protected":false},"excerpt":{"rendered":"<p>IIIF150 B2 \u2013 i\u0161skirtinio dizaino vandeniui ir sm\u016bgiams atsparus telefonas su 20 MP Sony naktinio matymo kamera bei 10 000 mAh baterija, kuri leis pamir\u0161ti apie telefono \u012fkrovim\u0105 ilgam laikui! Telefonas taip pat pasi\u017eymi net 256 GB vidine ir 6 GB RAM atmintimi, kokybi\u0161ka 48 MP pagrindine kamera bei Android 13 operacine sistema. Juodo kamuflia\u017eo [&#8230;]\n","protected":false},"featured_media":4540,"template":"","meta":[],"product_brand":[],"product_cat":[39],"product_tag":[],"class_list":{"0":"post-4521","1":"product","2":"type-product","3":"status-publish","4":"has-post-thumbnail","6":"product_cat-iiif150-telefonai","8":"first","9":"instock","10":"sale","11":"shipping-taxable","12":"purchasable","13":"product-type-simple"},"yoast_head":"<!-- This site is optimized with the Yoast SEO plugin v27.5 - https:\/\/yoast.com\/product\/yoast-seo-wordpress\/ -->\n<title>IIIF150 B2 - 256\/6GB, Juodas - Resolute.lt<\/title>\n<meta name=\"description\" content=\"IIIF150 B2 \u2013 i\u0161skirtinio dizaino vandeniui ir sm\u016bgiams atsparus telefonas su 20 MP Sony naktinio matymo kamera bei net 10 000 mAh talpos baterija.\" \/>\n<meta name=\"robots\" content=\"index, follow, max-snippet:-1, max-image-preview:large, max-video-preview:-1\" \/>\n<link rel=\"canonical\" href=\"https:\/\/resolute.lt\/index.php\/produktas\/iiif150-b2-juodas\/\" \/>\n<meta property=\"og:locale\" content=\"lt_LT\" \/>\n<meta property=\"og:type\" content=\"article\" \/>\n<meta property=\"og:title\" content=\"IIIF150 B2 - 256\/6GB, Juodas - Resolute.lt\" \/>\n<meta property=\"og:description\" content=\"IIIF150 B2 \u2013 i\u0161skirtinio dizaino vandeniui ir sm\u016bgiams atsparus telefonas su 20 MP Sony naktinio matymo kamera bei net 10 000 mAh talpos baterija.\" \/>\n<meta property=\"og:url\" content=\"https:\/\/resolute.lt\/index.php\/produktas\/iiif150-b2-juodas\/\" \/>\n<meta property=\"og:site_name\" content=\"Resolute.lt\" \/>\n<meta property=\"article:modified_time\" content=\"2025-06-19T10:14:45+00:00\" \/>\n<meta property=\"og:image\" content=\"https:\/\/resolute.lt\/wp-content\/uploads\/2024\/03\/1.-IIIF150-B2-telefonas-Juodas-F150-smugiams-vandeniui-ir-dulkems-atsparus-IP68-Telefonai-Resolute.lt_.jpg\" \/>\n\t<meta property=\"og:image:width\" content=\"1600\" \/>\n\t<meta property=\"og:image:height\" content=\"1600\" \/>\n\t<meta property=\"og:image:type\" content=\"image\/jpeg\" \/>\n<meta name=\"twitter:card\" content=\"summary_large_image\" \/>\n<meta name=\"twitter:label1\" content=\"Est. reading time\" \/>\n\t<meta name=\"twitter:data1\" content=\"7 minut\u0117s\" \/>\n<script type=\"application\/ld+json\" class=\"yoast-schema-graph\">{\"@context\":\"https:\\\/\\\/schema.org\",\"@graph\":[{\"@type\":\"WebPage\",\"@id\":\"https:\\\/\\\/resolute.lt\\\/index.php\\\/produktas\\\/iiif150-b2-juodas\\\/\",\"url\":\"https:\\\/\\\/resolute.lt\\\/index.php\\\/produktas\\\/iiif150-b2-juodas\\\/\",\"name\":\"IIIF150 B2 - 256\\\/6GB, Juodas - Resolute.lt\",\"isPartOf\":{\"@id\":\"https:\\\/\\\/resolute.lt\\\/#website\"},\"primaryImageOfPage\":{\"@id\":\"https:\\\/\\\/resolute.lt\\\/index.php\\\/produktas\\\/iiif150-b2-juodas\\\/#primaryimage\"},\"image\":{\"@id\":\"https:\\\/\\\/resolute.lt\\\/index.php\\\/produktas\\\/iiif150-b2-juodas\\\/#primaryimage\"},\"thumbnailUrl\":\"https:\\\/\\\/resolute.lt\\\/wp-content\\\/uploads\\\/2024\\\/03\\\/1.-IIIF150-B2-telefonas-Juodas-F150-smugiams-vandeniui-ir-dulkems-atsparus-IP68-Telefonai-Resolute.lt_.jpg\",\"datePublished\":\"2024-03-18T08:41:44+00:00\",\"dateModified\":\"2025-06-19T10:14:45+00:00\",\"description\":\"IIIF150 B2 \u2013 i\u0161skirtinio dizaino vandeniui ir sm\u016bgiams atsparus telefonas su 20 MP Sony naktinio matymo kamera bei net 10 000 mAh talpos baterija.\",\"breadcrumb\":{\"@id\":\"https:\\\/\\\/resolute.lt\\\/index.php\\\/produktas\\\/iiif150-b2-juodas\\\/#breadcrumb\"},\"inLanguage\":\"lt-LT\",\"potentialAction\":[{\"@type\":\"ReadAction\",\"target\":[\"https:\\\/\\\/resolute.lt\\\/index.php\\\/produktas\\\/iiif150-b2-juodas\\\/\"]}]},{\"@type\":\"ImageObject\",\"inLanguage\":\"lt-LT\",\"@id\":\"https:\\\/\\\/resolute.lt\\\/index.php\\\/produktas\\\/iiif150-b2-juodas\\\/#primaryimage\",\"url\":\"https:\\\/\\\/resolute.lt\\\/wp-content\\\/uploads\\\/2024\\\/03\\\/1.-IIIF150-B2-telefonas-Juodas-F150-smugiams-vandeniui-ir-dulkems-atsparus-IP68-Telefonai-Resolute.lt_.jpg\",\"contentUrl\":\"https:\\\/\\\/resolute.lt\\\/wp-content\\\/uploads\\\/2024\\\/03\\\/1.-IIIF150-B2-telefonas-Juodas-F150-smugiams-vandeniui-ir-dulkems-atsparus-IP68-Telefonai-Resolute.lt_.jpg\",\"width\":1600,\"height\":1600},{\"@type\":\"BreadcrumbList\",\"@id\":\"https:\\\/\\\/resolute.lt\\\/index.php\\\/produktas\\\/iiif150-b2-juodas\\\/#breadcrumb\",\"itemListElement\":[{\"@type\":\"ListItem\",\"position\":1,\"name\":\"Home\",\"item\":\"https:\\\/\\\/resolute.lt\\\/\"},{\"@type\":\"ListItem\",\"position\":2,\"name\":\"Resolute.lt\",\"item\":\"https:\\\/\\\/resolute.lt\\\/\"},{\"@type\":\"ListItem\",\"position\":3,\"name\":\"IIIF150 B2 &#8211; 256\\\/6GB, Juodas\"}]},{\"@type\":\"WebSite\",\"@id\":\"https:\\\/\\\/resolute.lt\\\/#website\",\"url\":\"https:\\\/\\\/resolute.lt\\\/\",\"name\":\"Resolute.lt\",\"description\":\"Sm\u016bgiams ir vandeniui telefonai\",\"potentialAction\":[{\"@type\":\"SearchAction\",\"target\":{\"@type\":\"EntryPoint\",\"urlTemplate\":\"https:\\\/\\\/resolute.lt\\\/?s={search_term_string}\"},\"query-input\":{\"@type\":\"PropertyValueSpecification\",\"valueRequired\":true,\"valueName\":\"search_term_string\"}}],\"inLanguage\":\"lt-LT\"}]}<\/script>\n<!-- \/ Yoast SEO plugin. -->","yoast_head_json":{"title":"IIIF150 B2 - 256\/6GB, Juodas - Resolute.lt","description":"IIIF150 B2 \u2013 i\u0161skirtinio dizaino vandeniui ir sm\u016bgiams atsparus telefonas su 20 MP Sony naktinio matymo kamera bei net 10 000 mAh talpos baterija.","robots":{"index":"index","follow":"follow","max-snippet":"max-snippet:-1","max-image-preview":"max-image-preview:large","max-video-preview":"max-video-preview:-1"},"canonical":"https:\/\/resolute.lt\/index.php\/produktas\/iiif150-b2-juodas\/","og_locale":"lt_LT","og_type":"article","og_title":"IIIF150 B2 - 256\/6GB, Juodas - Resolute.lt","og_description":"IIIF150 B2 \u2013 i\u0161skirtinio dizaino vandeniui ir sm\u016bgiams atsparus telefonas su 20 MP Sony naktinio matymo kamera bei net 10 000 mAh talpos baterija.","og_url":"https:\/\/resolute.lt\/index.php\/produktas\/iiif150-b2-juodas\/","og_site_name":"Resolute.lt","article_modified_time":"2025-06-19T10:14:45+00:00","og_image":[{"width":1600,"height":1600,"url":"https:\/\/resolute.lt\/wp-content\/uploads\/2024\/03\/1.-IIIF150-B2-telefonas-Juodas-F150-smugiams-vandeniui-ir-dulkems-atsparus-IP68-Telefonai-Resolute.lt_.jpg","type":"image\/jpeg"}],"twitter_card":"summary_large_image","twitter_misc":{"Est. reading time":"7 minut\u0117s"},"schema":{"@context":"https:\/\/schema.org","@graph":[{"@type":"WebPage","@id":"https:\/\/resolute.lt\/index.php\/produktas\/iiif150-b2-juodas\/","url":"https:\/\/resolute.lt\/index.php\/produktas\/iiif150-b2-juodas\/","name":"IIIF150 B2 - 256\/6GB, Juodas - Resolute.lt","isPartOf":{"@id":"https:\/\/resolute.lt\/#website"},"primaryImageOfPage":{"@id":"https:\/\/resolute.lt\/index.php\/produktas\/iiif150-b2-juodas\/#primaryimage"},"image":{"@id":"https:\/\/resolute.lt\/index.php\/produktas\/iiif150-b2-juodas\/#primaryimage"},"thumbnailUrl":"https:\/\/resolute.lt\/wp-content\/uploads\/2024\/03\/1.-IIIF150-B2-telefonas-Juodas-F150-smugiams-vandeniui-ir-dulkems-atsparus-IP68-Telefonai-Resolute.lt_.jpg","datePublished":"2024-03-18T08:41:44+00:00","dateModified":"2025-06-19T10:14:45+00:00","description":"IIIF150 B2 \u2013 i\u0161skirtinio dizaino vandeniui ir sm\u016bgiams atsparus telefonas su 20 MP Sony naktinio matymo kamera bei net 10 000 mAh talpos baterija.","breadcrumb":{"@id":"https:\/\/resolute.lt\/index.php\/produktas\/iiif150-b2-juodas\/#breadcrumb"},"inLanguage":"lt-LT","potentialAction":[{"@type":"ReadAction","target":["https:\/\/resolute.lt\/index.php\/produktas\/iiif150-b2-juodas\/"]}]},{"@type":"ImageObject","inLanguage":"lt-LT","@id":"https:\/\/resolute.lt\/index.php\/produktas\/iiif150-b2-juodas\/#primaryimage","url":"https:\/\/resolute.lt\/wp-content\/uploads\/2024\/03\/1.-IIIF150-B2-telefonas-Juodas-F150-smugiams-vandeniui-ir-dulkems-atsparus-IP68-Telefonai-Resolute.lt_.jpg","contentUrl":"https:\/\/resolute.lt\/wp-content\/uploads\/2024\/03\/1.-IIIF150-B2-telefonas-Juodas-F150-smugiams-vandeniui-ir-dulkems-atsparus-IP68-Telefonai-Resolute.lt_.jpg","width":1600,"height":1600},{"@type":"BreadcrumbList","@id":"https:\/\/resolute.lt\/index.php\/produktas\/iiif150-b2-juodas\/#breadcrumb","itemListElement":[{"@type":"ListItem","position":1,"name":"Home","item":"https:\/\/resolute.lt\/"},{"@type":"ListItem","position":2,"name":"Resolute.lt","item":"https:\/\/resolute.lt\/"},{"@type":"ListItem","position":3,"name":"IIIF150 B2 &#8211; 256\/6GB, Juodas"}]},{"@type":"WebSite","@id":"https:\/\/resolute.lt\/#website","url":"https:\/\/resolute.lt\/","name":"Resolute.lt","description":"Sm\u016bgiams ir vandeniui telefonai","potentialAction":[{"@type":"SearchAction","target":{"@type":"EntryPoint","urlTemplate":"https:\/\/resolute.lt\/?s={search_term_string}"},"query-input":{"@type":"PropertyValueSpecification","valueRequired":true,"valueName":"search_term_string"}}],"inLanguage":"lt-LT"}]}},"_links":{"self":[{"href":"https:\/\/resolute.lt\/index.php\/wp-json\/wp\/v2\/product\/4521","targetHints":{"allow":["GET"]}}],"collection":[{"href":"https:\/\/resolute.lt\/index.php\/wp-json\/wp\/v2\/product"}],"about":[{"href":"https:\/\/resolute.lt\/index.php\/wp-json\/wp\/v2\/types\/product"}],"wp:featuredmedia":[{"embeddable":true,"href":"https:\/\/resolute.lt\/index.php\/wp-json\/wp\/v2\/media\/4540"}],"wp:attachment":[{"href":"https:\/\/resolute.lt\/index.php\/wp-json\/wp\/v2\/media?parent=4521"}],"wp:term":[{"taxonomy":"product_brand","embeddable":true,"href":"https:\/\/resolute.lt\/index.php\/wp-json\/wp\/v2\/product_brand?post=4521"},{"taxonomy":"product_cat","embeddable":true,"href":"https:\/\/resolute.lt\/index.php\/wp-json\/wp\/v2\/product_cat?post=4521"},{"taxonomy":"product_tag","embeddable":true,"href":"https:\/\/resolute.lt\/index.php\/wp-json\/wp\/v2\/product_tag?post=4521"}],"curies":[{"name":"wp","href":"https:\/\/api.w.org\/{rel}","templated":true}]}}