{"id":4445,"date":"2024-02-22T13:36:45","date_gmt":"2024-02-22T13:36:45","guid":{"rendered":"https:\/\/resolute.lt\/?post_type=product&#038;p=4445"},"modified":"2025-10-02T10:11:04","modified_gmt":"2025-10-02T10:11:04","slug":"ulefone-usmart-e03-endoskopas-endoskopine-kamera-hd-720p","status":"publish","type":"product","link":"https:\/\/resolute.lt\/index.php\/produktas\/ulefone-usmart-e03-endoskopas-endoskopine-kamera-hd-720p\/","title":{"rendered":"Ulefone uSmart E03 endoskopas \/ endoskopin\u0117 kamera &#8211; HD 720p"},"content":{"rendered":"<p><strong>Ulefone uSmart E03<\/strong> &#8211; originali Ulefone Armor i\u0161maniems telefonams skirta endoskopin\u0117 kamera, pasi\u017eyminti 180 laipsni\u0173 kameros l\u0119\u0161io sukimosi kampu, 720p rai\u0161kos filmavimu, IP67 vandeniui ir dulkm\u0117s atsparumo standartu bei 1 metro ilgio endoskopiniu laidu.<\/p>\n<p><strong><a href=\"https:\/\/www.resolute.lt\/\">RESOLUTE.LT EL. PARDUOTUV\u0116:<\/a><\/strong><br \/>\n\u2013<strong> 8-10 darbo dien\u0173 pristatymas<\/strong>!<br \/>\n\u2013 Apmok\u0117jimas Google Pay, banko kortele, el. bankininkyste ar PayPal.<br \/>\n\u2013 Tik naujos ir nei\u0161pakuotos prek\u0117s!<\/p>\n<section id=\"section_2145972809\" class=\"section\">\n<div class=\"section-content relative\">\n<div id=\"row-1175821349\" class=\"row align-center\">\n<div id=\"col-130476939\" class=\"col medium-4 small-10 large-4\">\n<div class=\"col-inner\">\n<h1><strong>Komplektacija<\/strong><\/h1>\n<\/div>\n<\/div>\n<div id=\"col-1358541524\" class=\"col medium-8 small-10 large-8\">\n<div class=\"col-inner\">\n<ul>\n<li style=\"text-align: left;\"><b>1x\u00a0 <\/b>Endoskopin\u0117 kamera (3 m)<\/li>\n<li><strong>1x\u00a0 <\/strong>Telefono laikiklis<\/li>\n<li><strong>1x<\/strong>\u00a0 uSmart Connector laidas (uSmart &#8211; USB-C)<\/li>\n<li><strong>1x<\/strong>\u00a0 Kameros l\u0119\u0161io dangtelis<\/li>\n<li><strong>1x\u00a0 <\/strong>Atsuktuvas<\/li>\n<li><strong>2x\u00a0 <\/strong>Var\u017etas<\/li>\n<li><b>1x<\/b>\u00a0 Naudojimosi instrukcijos<\/li>\n<\/ul>\n<\/div>\n<\/div>\n<\/div>\n<div id=\"row-214715003\" class=\"row align-center\">\n<div id=\"col-883847564\" class=\"col medium-4 small-10 large-4\">\n<div class=\"col-inner\">\n<h1><strong>Bendrieji parametrai<\/strong><\/h1>\n<\/div>\n<\/div>\n<div id=\"col-35252131\" class=\"col medium-8 small-10 large-8\">\n<div class=\"col-inner\">\n<ul>\n<li style=\"text-align: left;\"><strong>Prek\u0117s tipas:<\/strong> Endoskopin\u0117s kameros<\/li>\n<li><strong>Prek\u0117s spalva:<\/strong> Juodas<\/li>\n<\/ul>\n<\/div>\n<\/div>\n<\/div>\n<div id=\"row-214715003\" class=\"row align-center\">\n<div id=\"col-883847564\" class=\"col medium-4 small-10 large-4\">\n<div class=\"col-inner\">\n<h1><strong>Suderinami modeliai<\/strong><\/h1>\n<\/div>\n<\/div>\n<div id=\"col-35252131\" class=\"col medium-8 small-10 large-8\">\n<div class=\"col-inner\">\n<ul>\n<li>Ulefone Armor 9\/13\/16\/18\/19\/21\/24\/26\/27\/28\/29\/30\/33\/34 serij\u0173 telefonai<\/li>\n<li>Ulefone Armor Pad plan\u0161etiniai kompiuteriai<\/li>\n<\/ul>\n<\/div>\n<\/div>\n<\/div>\n<div id=\"row-74868614\" class=\"row align-center\">\n<div id=\"col-1450314671\" class=\"col medium-4 small-10 large-4\">\n<div class=\"col-inner\">\n<h1><strong>Foto ir video kamera<\/strong><\/h1>\n<\/div>\n<\/div>\n<div id=\"col-35252131\" class=\"col medium-8 small-10 large-8\">\n<div class=\"col-inner\">\n<ul>\n<li><strong>Kamera: <\/strong>1 MP OmniVision OV9734<\/li>\n<li><strong>Fotografavimo rai\u0161ka: <\/strong>1280 x 720<\/li>\n<li><strong>Filmavimo rai\u0161ka: <\/strong>1280 x 720<\/li>\n<li><strong>Filmavimo formatas:<\/strong> MP4<\/li>\n<li><strong>Matymo kampas:<\/strong> 90 laipsni\u0173<\/li>\n<li><strong>L\u0119\u0161io sukimosi kampas:<\/strong> 180 laipsni\u0173, dvipusis<\/li>\n<li><strong>Ap\u0161vietimas<\/strong>: 6 LED, reguliuojamo ry\u0161kumo (3 lygi\u0173)<\/li>\n<\/ul>\n<\/div>\n<\/div>\n<\/div>\n<div id=\"row-214715003\" class=\"row align-center\">\n<div id=\"col-883847564\" class=\"col medium-4 small-10 large-4\">\n<div class=\"col-inner\">\n<h1><strong>Komunikacija<\/strong><\/h1>\n<\/div>\n<\/div>\n<div id=\"col-35252131\" class=\"col medium-8 small-10 large-8\">\n<div class=\"col-inner\">\n<ul>\n<li><strong>I\u0161manaus telefono aplikacija:<\/strong> uSmart Camera (vadovautis naudojimosi instrukcijomis)<\/li>\n<\/ul>\n<\/div>\n<\/div>\n<\/div>\n<div id=\"row-214715003\" class=\"row align-center\">\n<div id=\"col-883847564\" class=\"col medium-4 small-10 large-4\">\n<div class=\"col-inner\">\n<h1><strong>Lizdai<\/strong><\/h1>\n<\/div>\n<\/div>\n<div id=\"col-35252131\" class=\"col medium-8 small-10 large-8\">\n<div class=\"col-inner\">\n<ul>\n<li><strong>USB lizdo tipas:<\/strong> USB-C<\/li>\n<li><strong>Kiti lizdai:<\/strong> uSmart Connector<\/li>\n<\/ul>\n<\/div>\n<\/div>\n<\/div>\n<div id=\"row-468646911\" class=\"row align-center\">\n<div id=\"col-1185701877\" class=\"col medium-4 small-10 large-4\">\n<div class=\"col-inner\">\n<h1><strong>Matmenys ir svoris<\/strong><\/h1>\n<\/div>\n<\/div>\n<div id=\"col-35252131\" class=\"col medium-8 small-10 large-8\">\n<div class=\"col-inner\">\n<ul>\n<li><strong>Matmenys:<\/strong> 1260 x 45 x 60 mm<\/li>\n<li><strong>Endoskopinio laido ilgis:<\/strong> 1 m<\/li>\n<li><strong>Endoskopinio laido skersmuo: <\/strong>6,5 mm<\/li>\n<li><strong>Svoris:<\/strong> 350 g<\/li>\n<\/ul>\n<\/div>\n<\/div>\n<\/div>\n<div id=\"row-468646911\" class=\"row align-center\">\n<div id=\"col-1185701877\" class=\"col medium-4 small-10 large-4\">\n<div class=\"col-inner\">\n<h1><strong>Papildomi duomenys<\/strong><\/h1>\n<\/div>\n<\/div>\n<div id=\"col-1424211009\" class=\"col medium-8 small-10 large-8\">\n<div class=\"col-inner\">\n<ul>\n<li>IP67 sertifikatas (atsparumas vandeniui ir dulk\u0117ms)<\/li>\n<\/ul>\n<\/div>\n<\/div>\n<\/div>\n<\/div>\n<\/section>\n<section class=\"section section-2 relative\">\n<div class=\"container\">\n<div class=\"row\">\n<div class=\"section-2-text\">\n<div class=\"font_top\"><\/div>\n<\/div>\n<\/div>\n<\/div>\n<\/section>\n","protected":false},"excerpt":{"rendered":"<p>Ulefone uSmart E03 &#8211; originali Ulefone Armor i\u0161maniems telefonams skirta endoskopin\u0117 kamera, pasi\u017eyminti 180 laipsni\u0173 kameros l\u0119\u0161io sukimosi kampu, 720p rai\u0161kos filmavimu, IP67 vandeniui ir dulkm\u0117s atsparumo standartu bei 1 metro ilgio endoskopiniu laidu. RESOLUTE.LT EL. PARDUOTUV\u0116: \u2013 8-10 darbo dien\u0173 pristatymas! \u2013 Apmok\u0117jimas Google Pay, banko kortele, el. bankininkyste ar PayPal. \u2013 Tik naujos [&#8230;]\n","protected":false},"featured_media":4446,"template":"","meta":[],"product_brand":[],"product_cat":[37],"product_tag":[],"class_list":{"0":"post-4445","1":"product","2":"type-product","3":"status-publish","4":"has-post-thumbnail","6":"product_cat-kiti-telefonu-priedai","8":"first","9":"instock","10":"sale","11":"shipping-taxable","12":"purchasable","13":"product-type-simple"},"yoast_head":"<!-- This site is optimized with the Yoast SEO plugin v27.4 - https:\/\/yoast.com\/product\/yoast-seo-wordpress\/ -->\n<title>Ulefone uSmart E03 endoskopas \/ endoskopin\u0117 kamera - HD 720p - Resolute.lt<\/title>\n<meta name=\"description\" content=\"Ulefone uSmart E03 - endoskopin\u0117 kamera, pasi\u017eyminti 180 laipsni\u0173 kameros l\u0119\u0161io sukimosi kampu, 720p rai\u0161kos filmavimu bei IP67 standartu.\" \/>\n<meta name=\"robots\" content=\"index, follow, max-snippet:-1, max-image-preview:large, max-video-preview:-1\" \/>\n<link rel=\"canonical\" href=\"https:\/\/resolute.lt\/index.php\/produktas\/ulefone-usmart-e03-endoskopas-endoskopine-kamera-hd-720p\/\" \/>\n<meta property=\"og:locale\" content=\"lt_LT\" \/>\n<meta property=\"og:type\" content=\"article\" \/>\n<meta property=\"og:title\" content=\"Ulefone uSmart E03 endoskopas \/ endoskopin\u0117 kamera - HD 720p - Resolute.lt\" \/>\n<meta property=\"og:description\" content=\"Ulefone uSmart E03 - endoskopin\u0117 kamera, pasi\u017eyminti 180 laipsni\u0173 kameros l\u0119\u0161io sukimosi kampu, 720p rai\u0161kos filmavimu bei IP67 standartu.\" \/>\n<meta property=\"og:url\" content=\"https:\/\/resolute.lt\/index.php\/produktas\/ulefone-usmart-e03-endoskopas-endoskopine-kamera-hd-720p\/\" \/>\n<meta property=\"og:site_name\" content=\"Resolute.lt\" \/>\n<meta property=\"article:modified_time\" content=\"2025-10-02T10:11:04+00:00\" \/>\n<meta property=\"og:image\" content=\"https:\/\/resolute.lt\/wp-content\/uploads\/2024\/02\/1.-Ulefone-uSmart-E03-Rotatable-Endoscope-Endoskopas-Endoskopine-kamera-IP67-Vandeniui-dulkems-atsparus-HD-720p-Resolute.lt_.jpg\" \/>\n\t<meta property=\"og:image:width\" content=\"1500\" \/>\n\t<meta property=\"og:image:height\" content=\"1500\" \/>\n\t<meta property=\"og:image:type\" content=\"image\/jpeg\" \/>\n<meta name=\"twitter:card\" content=\"summary_large_image\" \/>\n<meta name=\"twitter:label1\" content=\"Est. reading time\" \/>\n\t<meta name=\"twitter:data1\" content=\"2 minut\u0117s\" \/>\n<script type=\"application\/ld+json\" class=\"yoast-schema-graph\">{\"@context\":\"https:\\\/\\\/schema.org\",\"@graph\":[{\"@type\":\"WebPage\",\"@id\":\"https:\\\/\\\/resolute.lt\\\/index.php\\\/produktas\\\/ulefone-usmart-e03-endoskopas-endoskopine-kamera-hd-720p\\\/\",\"url\":\"https:\\\/\\\/resolute.lt\\\/index.php\\\/produktas\\\/ulefone-usmart-e03-endoskopas-endoskopine-kamera-hd-720p\\\/\",\"name\":\"Ulefone uSmart E03 endoskopas \\\/ endoskopin\u0117 kamera - HD 720p - Resolute.lt\",\"isPartOf\":{\"@id\":\"https:\\\/\\\/resolute.lt\\\/#website\"},\"primaryImageOfPage\":{\"@id\":\"https:\\\/\\\/resolute.lt\\\/index.php\\\/produktas\\\/ulefone-usmart-e03-endoskopas-endoskopine-kamera-hd-720p\\\/#primaryimage\"},\"image\":{\"@id\":\"https:\\\/\\\/resolute.lt\\\/index.php\\\/produktas\\\/ulefone-usmart-e03-endoskopas-endoskopine-kamera-hd-720p\\\/#primaryimage\"},\"thumbnailUrl\":\"https:\\\/\\\/resolute.lt\\\/wp-content\\\/uploads\\\/2024\\\/02\\\/1.-Ulefone-uSmart-E03-Rotatable-Endoscope-Endoskopas-Endoskopine-kamera-IP67-Vandeniui-dulkems-atsparus-HD-720p-Resolute.lt_.jpg\",\"datePublished\":\"2024-02-22T13:36:45+00:00\",\"dateModified\":\"2025-10-02T10:11:04+00:00\",\"description\":\"Ulefone uSmart E03 - endoskopin\u0117 kamera, pasi\u017eyminti 180 laipsni\u0173 kameros l\u0119\u0161io sukimosi kampu, 720p rai\u0161kos filmavimu bei IP67 standartu.\",\"breadcrumb\":{\"@id\":\"https:\\\/\\\/resolute.lt\\\/index.php\\\/produktas\\\/ulefone-usmart-e03-endoskopas-endoskopine-kamera-hd-720p\\\/#breadcrumb\"},\"inLanguage\":\"lt-LT\",\"potentialAction\":[{\"@type\":\"ReadAction\",\"target\":[\"https:\\\/\\\/resolute.lt\\\/index.php\\\/produktas\\\/ulefone-usmart-e03-endoskopas-endoskopine-kamera-hd-720p\\\/\"]}]},{\"@type\":\"ImageObject\",\"inLanguage\":\"lt-LT\",\"@id\":\"https:\\\/\\\/resolute.lt\\\/index.php\\\/produktas\\\/ulefone-usmart-e03-endoskopas-endoskopine-kamera-hd-720p\\\/#primaryimage\",\"url\":\"https:\\\/\\\/resolute.lt\\\/wp-content\\\/uploads\\\/2024\\\/02\\\/1.-Ulefone-uSmart-E03-Rotatable-Endoscope-Endoskopas-Endoskopine-kamera-IP67-Vandeniui-dulkems-atsparus-HD-720p-Resolute.lt_.jpg\",\"contentUrl\":\"https:\\\/\\\/resolute.lt\\\/wp-content\\\/uploads\\\/2024\\\/02\\\/1.-Ulefone-uSmart-E03-Rotatable-Endoscope-Endoskopas-Endoskopine-kamera-IP67-Vandeniui-dulkems-atsparus-HD-720p-Resolute.lt_.jpg\",\"width\":1500,\"height\":1500},{\"@type\":\"BreadcrumbList\",\"@id\":\"https:\\\/\\\/resolute.lt\\\/index.php\\\/produktas\\\/ulefone-usmart-e03-endoskopas-endoskopine-kamera-hd-720p\\\/#breadcrumb\",\"itemListElement\":[{\"@type\":\"ListItem\",\"position\":1,\"name\":\"Home\",\"item\":\"https:\\\/\\\/resolute.lt\\\/\"},{\"@type\":\"ListItem\",\"position\":2,\"name\":\"Resolute.lt\",\"item\":\"https:\\\/\\\/resolute.lt\\\/\"},{\"@type\":\"ListItem\",\"position\":3,\"name\":\"Ulefone uSmart E03 endoskopas \\\/ endoskopin\u0117 kamera &#8211; HD 720p\"}]},{\"@type\":\"WebSite\",\"@id\":\"https:\\\/\\\/resolute.lt\\\/#website\",\"url\":\"https:\\\/\\\/resolute.lt\\\/\",\"name\":\"Resolute.lt\",\"description\":\"Sm\u016bgiams ir vandeniui telefonai\",\"potentialAction\":[{\"@type\":\"SearchAction\",\"target\":{\"@type\":\"EntryPoint\",\"urlTemplate\":\"https:\\\/\\\/resolute.lt\\\/?s={search_term_string}\"},\"query-input\":{\"@type\":\"PropertyValueSpecification\",\"valueRequired\":true,\"valueName\":\"search_term_string\"}}],\"inLanguage\":\"lt-LT\"}]}<\/script>\n<!-- \/ Yoast SEO plugin. -->","yoast_head_json":{"title":"Ulefone uSmart E03 endoskopas \/ endoskopin\u0117 kamera - HD 720p - Resolute.lt","description":"Ulefone uSmart E03 - endoskopin\u0117 kamera, pasi\u017eyminti 180 laipsni\u0173 kameros l\u0119\u0161io sukimosi kampu, 720p rai\u0161kos filmavimu bei IP67 standartu.","robots":{"index":"index","follow":"follow","max-snippet":"max-snippet:-1","max-image-preview":"max-image-preview:large","max-video-preview":"max-video-preview:-1"},"canonical":"https:\/\/resolute.lt\/index.php\/produktas\/ulefone-usmart-e03-endoskopas-endoskopine-kamera-hd-720p\/","og_locale":"lt_LT","og_type":"article","og_title":"Ulefone uSmart E03 endoskopas \/ endoskopin\u0117 kamera - HD 720p - Resolute.lt","og_description":"Ulefone uSmart E03 - endoskopin\u0117 kamera, pasi\u017eyminti 180 laipsni\u0173 kameros l\u0119\u0161io sukimosi kampu, 720p rai\u0161kos filmavimu bei IP67 standartu.","og_url":"https:\/\/resolute.lt\/index.php\/produktas\/ulefone-usmart-e03-endoskopas-endoskopine-kamera-hd-720p\/","og_site_name":"Resolute.lt","article_modified_time":"2025-10-02T10:11:04+00:00","og_image":[{"width":1500,"height":1500,"url":"https:\/\/resolute.lt\/wp-content\/uploads\/2024\/02\/1.-Ulefone-uSmart-E03-Rotatable-Endoscope-Endoskopas-Endoskopine-kamera-IP67-Vandeniui-dulkems-atsparus-HD-720p-Resolute.lt_.jpg","type":"image\/jpeg"}],"twitter_card":"summary_large_image","twitter_misc":{"Est. reading time":"2 minut\u0117s"},"schema":{"@context":"https:\/\/schema.org","@graph":[{"@type":"WebPage","@id":"https:\/\/resolute.lt\/index.php\/produktas\/ulefone-usmart-e03-endoskopas-endoskopine-kamera-hd-720p\/","url":"https:\/\/resolute.lt\/index.php\/produktas\/ulefone-usmart-e03-endoskopas-endoskopine-kamera-hd-720p\/","name":"Ulefone uSmart E03 endoskopas \/ endoskopin\u0117 kamera - HD 720p - Resolute.lt","isPartOf":{"@id":"https:\/\/resolute.lt\/#website"},"primaryImageOfPage":{"@id":"https:\/\/resolute.lt\/index.php\/produktas\/ulefone-usmart-e03-endoskopas-endoskopine-kamera-hd-720p\/#primaryimage"},"image":{"@id":"https:\/\/resolute.lt\/index.php\/produktas\/ulefone-usmart-e03-endoskopas-endoskopine-kamera-hd-720p\/#primaryimage"},"thumbnailUrl":"https:\/\/resolute.lt\/wp-content\/uploads\/2024\/02\/1.-Ulefone-uSmart-E03-Rotatable-Endoscope-Endoskopas-Endoskopine-kamera-IP67-Vandeniui-dulkems-atsparus-HD-720p-Resolute.lt_.jpg","datePublished":"2024-02-22T13:36:45+00:00","dateModified":"2025-10-02T10:11:04+00:00","description":"Ulefone uSmart E03 - endoskopin\u0117 kamera, pasi\u017eyminti 180 laipsni\u0173 kameros l\u0119\u0161io sukimosi kampu, 720p rai\u0161kos filmavimu bei IP67 standartu.","breadcrumb":{"@id":"https:\/\/resolute.lt\/index.php\/produktas\/ulefone-usmart-e03-endoskopas-endoskopine-kamera-hd-720p\/#breadcrumb"},"inLanguage":"lt-LT","potentialAction":[{"@type":"ReadAction","target":["https:\/\/resolute.lt\/index.php\/produktas\/ulefone-usmart-e03-endoskopas-endoskopine-kamera-hd-720p\/"]}]},{"@type":"ImageObject","inLanguage":"lt-LT","@id":"https:\/\/resolute.lt\/index.php\/produktas\/ulefone-usmart-e03-endoskopas-endoskopine-kamera-hd-720p\/#primaryimage","url":"https:\/\/resolute.lt\/wp-content\/uploads\/2024\/02\/1.-Ulefone-uSmart-E03-Rotatable-Endoscope-Endoskopas-Endoskopine-kamera-IP67-Vandeniui-dulkems-atsparus-HD-720p-Resolute.lt_.jpg","contentUrl":"https:\/\/resolute.lt\/wp-content\/uploads\/2024\/02\/1.-Ulefone-uSmart-E03-Rotatable-Endoscope-Endoskopas-Endoskopine-kamera-IP67-Vandeniui-dulkems-atsparus-HD-720p-Resolute.lt_.jpg","width":1500,"height":1500},{"@type":"BreadcrumbList","@id":"https:\/\/resolute.lt\/index.php\/produktas\/ulefone-usmart-e03-endoskopas-endoskopine-kamera-hd-720p\/#breadcrumb","itemListElement":[{"@type":"ListItem","position":1,"name":"Home","item":"https:\/\/resolute.lt\/"},{"@type":"ListItem","position":2,"name":"Resolute.lt","item":"https:\/\/resolute.lt\/"},{"@type":"ListItem","position":3,"name":"Ulefone uSmart E03 endoskopas \/ endoskopin\u0117 kamera &#8211; HD 720p"}]},{"@type":"WebSite","@id":"https:\/\/resolute.lt\/#website","url":"https:\/\/resolute.lt\/","name":"Resolute.lt","description":"Sm\u016bgiams ir vandeniui telefonai","potentialAction":[{"@type":"SearchAction","target":{"@type":"EntryPoint","urlTemplate":"https:\/\/resolute.lt\/?s={search_term_string}"},"query-input":{"@type":"PropertyValueSpecification","valueRequired":true,"valueName":"search_term_string"}}],"inLanguage":"lt-LT"}]}},"_links":{"self":[{"href":"https:\/\/resolute.lt\/index.php\/wp-json\/wp\/v2\/product\/4445","targetHints":{"allow":["GET"]}}],"collection":[{"href":"https:\/\/resolute.lt\/index.php\/wp-json\/wp\/v2\/product"}],"about":[{"href":"https:\/\/resolute.lt\/index.php\/wp-json\/wp\/v2\/types\/product"}],"wp:featuredmedia":[{"embeddable":true,"href":"https:\/\/resolute.lt\/index.php\/wp-json\/wp\/v2\/media\/4446"}],"wp:attachment":[{"href":"https:\/\/resolute.lt\/index.php\/wp-json\/wp\/v2\/media?parent=4445"}],"wp:term":[{"taxonomy":"product_brand","embeddable":true,"href":"https:\/\/resolute.lt\/index.php\/wp-json\/wp\/v2\/product_brand?post=4445"},{"taxonomy":"product_cat","embeddable":true,"href":"https:\/\/resolute.lt\/index.php\/wp-json\/wp\/v2\/product_cat?post=4445"},{"taxonomy":"product_tag","embeddable":true,"href":"https:\/\/resolute.lt\/index.php\/wp-json\/wp\/v2\/product_tag?post=4445"}],"curies":[{"name":"wp","href":"https:\/\/api.w.org\/{rel}","templated":true}]}}