{"id":4082,"date":"2023-10-27T12:38:23","date_gmt":"2023-10-27T12:38:23","guid":{"rendered":"https:\/\/resolute.lt\/?post_type=product&#038;p=4082"},"modified":"2025-10-02T10:14:30","modified_gmt":"2025-10-02T10:14:30","slug":"ulefone-usmart-c01-mikroskopas","status":"publish","type":"product","link":"https:\/\/resolute.lt\/index.php\/produktas\/ulefone-usmart-c01-mikroskopas\/","title":{"rendered":"Ulefone uSmart C01 mikroskopas"},"content":{"rendered":"<div class=\"aps-group\"><\/div>\n<p class=\"lead\">Originalus <strong>Ulefone\u2122 uSmart C01 <\/strong>HD rai\u0161kos mikroskopas uSmart Expansion Connector lizd\u0105 palaikantiems Ulefone telefonams.<\/p>\n<p><strong><a href=\"https:\/\/www.resolute.lt\/\">RESOLUTE.LT EL. PARDUOTUV\u0116:<\/a><\/strong><br \/>\n\u2013<strong> 8-10 darbo dien\u0173 pristatymas<\/strong>!<br \/>\n\u2013 Apmok\u0117jimas Google Pay, banko kortele, el. bankininkyste ar PayPal.<br \/>\n\u2013 Tik naujos ir nei\u0161pakuotos prek\u0117s!<\/p>\n<section id=\"section_2145972809\" class=\"section\">\n<div class=\"section-content relative\">\n<div id=\"row-1175821349\" class=\"row align-center\">\n<div id=\"col-130476939\" class=\"col medium-4 small-10 large-4\">\n<div class=\"col-inner\">\n<h1><strong>Komplektacija<\/strong><\/h1>\n<\/div>\n<\/div>\n<div id=\"col-1358541524\" class=\"col medium-8 small-10 large-8\">\n<div class=\"col-inner\">\n<ul>\n<li><strong>1x<\/strong>\u00a0 Mikroskopin\u0117 kamera<\/li>\n<li><strong>1x<\/strong>\u00a0 Stovas<\/li>\n<li><strong>1x<\/strong>\u00a0 Kalibracin\u0117 liniuot\u0117<\/li>\n<li><strong>1x<\/strong>\u00a0 Atsuktuvas<\/li>\n<li><strong>2x<\/strong>\u00a0 Var\u017etas<\/li>\n<li><strong>1x\u00a0<\/strong> Naudojimosi instrukcijos<\/li>\n<\/ul>\n<\/div>\n<\/div>\n<\/div>\n<div id=\"row-214715003\" class=\"row align-center\">\n<div id=\"col-883847564\" class=\"col medium-4 small-10 large-4\">\n<div class=\"col-inner\">\n<h1><strong>Bendrieji parametrai<\/strong><\/h1>\n<\/div>\n<\/div>\n<div id=\"col-35252131\" class=\"col medium-8 small-10 large-8\">\n<div class=\"col-inner\">\n<ul>\n<li><strong>Prek\u0117s tipas:<\/strong> Mikroskopin\u0117s kameros<\/li>\n<li><b>Prek\u0117s spalva: <\/b>Juoda<\/li>\n<\/ul>\n<\/div>\n<\/div>\n<\/div>\n<div id=\"row-214715003\" class=\"row align-center\">\n<div id=\"col-883847564\" class=\"col medium-4 small-10 large-4\">\n<div class=\"col-inner\">\n<h1><strong>Suderinami modeliai<\/strong><\/h1>\n<\/div>\n<\/div>\n<div id=\"col-35252131\" class=\"col medium-8 small-10 large-8\">\n<div class=\"col-inner\">\n<ul>\n<li>Ulefone Armor 9\/13\/16\/18\/19\/21\/24\/26\/27\/28\/29\/30\/33\/34 serij\u0173 telefonai<\/li>\n<li>Ulefone Armor Pad plan\u0161etiniai kompiuteriai<\/li>\n<\/ul>\n<\/div>\n<\/div>\n<\/div>\n<div id=\"row-1009664519\" class=\"row align-center\">\n<div id=\"col-477520799\" class=\"col medium-4 small-10 large-4\">\n<div class=\"col-inner\">\n<h1><strong>Kamera<\/strong><\/h1>\n<\/div>\n<\/div>\n<div id=\"col-35252131\" class=\"col medium-8 small-10 large-8\">\n<div class=\"col-inner\">\n<ul>\n<li><strong>Padidinimas:<\/strong> 50X &#8211; 1000X<\/li>\n<li><strong>Fokuso diapazonas:<\/strong> 25X \/ 50X<\/li>\n<li><strong>Priartinimas:<\/strong> 1,3X \/ 2X \/ 3X<\/li>\n<li><strong>Rai\u0161ka:<\/strong> 1280 x 720<\/li>\n<li><strong>Video rai\u0161ka:<\/strong> 720p@30fps, 480p@30fps<\/li>\n<li><strong>Matymo kampas:<\/strong> 60 laipsni\u0173<\/li>\n<li><strong>Ap\u0161vietimas:<\/strong> 8 LED, reguliuojami<\/li>\n<li><strong>Ap\u0161vietimo reguliavimas:<\/strong> ratuku<\/li>\n<li><strong>Video formatas:<\/strong> MP4<\/li>\n<li><strong>Valdymas:<\/strong> trumpas paspaudimas nuotraukoms, ilgas paspaudimas vaizdo \u012fra\u0161ams<\/li>\n<\/ul>\n<\/div>\n<\/div>\n<\/div>\n<div id=\"row-1009664519\" class=\"row align-center\">\n<div id=\"col-477520799\" class=\"col medium-4 small-10 large-4\">\n<div class=\"col-inner\">\n<h1><b>Matmenys ir svoris<\/b><\/h1>\n<\/div>\n<\/div>\n<div id=\"col-1429020984\" class=\"col medium-8 small-10 large-8\">\n<div class=\"col-inner\">\n<ul>\n<li><strong>Matmenys:<\/strong> 110 x 33 mm<\/li>\n<li><strong>Kabelio ilgis:<\/strong> 60 cm<\/li>\n<li><b>Svoris: <\/b>69 g<\/li>\n<\/ul>\n<\/div>\n<\/div>\n<\/div>\n<div id=\"row-468646911\" class=\"row align-center\">\n<div id=\"col-1185701877\" class=\"col medium-4 small-10 large-4\">\n<div class=\"col-inner\">\n<h1><strong>Papildomi duomenys<\/strong><\/h1>\n<\/div>\n<\/div>\n<div id=\"col-1424211009\" class=\"col medium-8 small-10 large-8\">\n<div class=\"col-inner\">\n<ul>\n<li><strong>Lizdas:<\/strong> uSmart Expansion Connector<\/li>\n<li><strong>Gamybos metai:<\/strong> 2025<\/li>\n<\/ul>\n<\/div>\n<\/div>\n<\/div>\n<\/div>\n<\/section>\n<p>&nbsp;<\/p>\n","protected":false},"excerpt":{"rendered":"<p>Originalus Ulefone\u2122 uSmart C01 HD rai\u0161kos mikroskopas uSmart Expansion Connector lizd\u0105 palaikantiems Ulefone telefonams. RESOLUTE.LT EL. PARDUOTUV\u0116: \u2013 8-10 darbo dien\u0173 pristatymas! \u2013 Apmok\u0117jimas Google Pay, banko kortele, el. bankininkyste ar PayPal. \u2013 Tik naujos ir nei\u0161pakuotos prek\u0117s! Komplektacija 1x\u00a0 Mikroskopin\u0117 kamera 1x\u00a0 Stovas 1x\u00a0 Kalibracin\u0117 liniuot\u0117 1x\u00a0 Atsuktuvas 2x\u00a0 Var\u017etas 1x\u00a0 Naudojimosi instrukcijos Bendrieji [&#8230;]\n","protected":false},"featured_media":4084,"template":"","meta":[],"product_brand":[],"product_cat":[37],"product_tag":[],"class_list":{"0":"post-4082","1":"product","2":"type-product","3":"status-publish","4":"has-post-thumbnail","6":"product_cat-kiti-telefonu-priedai","8":"first","9":"instock","10":"sale","11":"shipping-taxable","12":"purchasable","13":"product-type-simple"},"yoast_head":"<!-- This site is optimized with the Yoast SEO plugin v27.4 - https:\/\/yoast.com\/product\/yoast-seo-wordpress\/ -->\n<title>Ulefone uSmart C01 mikroskopas - Resolute.lt<\/title>\n<meta name=\"description\" content=\"Originalus Ulefone\u2122 uSmart C01 vandeniui atsparus HD rai\u0161kos mikroskopas uSmart Expansion Connector lizd\u0105 palaikantiems Ulefone telefonams.\" \/>\n<meta name=\"robots\" content=\"index, follow, max-snippet:-1, max-image-preview:large, max-video-preview:-1\" \/>\n<link rel=\"canonical\" href=\"https:\/\/resolute.lt\/index.php\/produktas\/ulefone-usmart-c01-mikroskopas\/\" \/>\n<meta property=\"og:locale\" content=\"lt_LT\" \/>\n<meta property=\"og:type\" content=\"article\" \/>\n<meta property=\"og:title\" content=\"Ulefone uSmart C01 mikroskopas - Resolute.lt\" \/>\n<meta property=\"og:description\" content=\"Originalus Ulefone\u2122 uSmart C01 vandeniui atsparus HD rai\u0161kos mikroskopas uSmart Expansion Connector lizd\u0105 palaikantiems Ulefone telefonams.\" \/>\n<meta property=\"og:url\" content=\"https:\/\/resolute.lt\/index.php\/produktas\/ulefone-usmart-c01-mikroskopas\/\" \/>\n<meta property=\"og:site_name\" content=\"Resolute.lt\" \/>\n<meta property=\"article:modified_time\" content=\"2025-10-02T10:14:30+00:00\" \/>\n<meta property=\"og:image\" content=\"https:\/\/resolute.lt\/wp-content\/uploads\/2023\/10\/2.-Ulefone-uSmart-C01-mikroskopas-Armor-9-9E-13-16-Pro-18-18T-19-19T-22-24-Resolute.lt_.jpg\" \/>\n\t<meta property=\"og:image:width\" content=\"750\" \/>\n\t<meta property=\"og:image:height\" content=\"750\" \/>\n\t<meta property=\"og:image:type\" content=\"image\/jpeg\" \/>\n<meta name=\"twitter:card\" content=\"summary_large_image\" \/>\n<meta name=\"twitter:label1\" content=\"Est. reading time\" \/>\n\t<meta name=\"twitter:data1\" content=\"1 minut\u0117\" \/>\n<script type=\"application\/ld+json\" class=\"yoast-schema-graph\">{\"@context\":\"https:\\\/\\\/schema.org\",\"@graph\":[{\"@type\":\"WebPage\",\"@id\":\"https:\\\/\\\/resolute.lt\\\/index.php\\\/produktas\\\/ulefone-usmart-c01-mikroskopas\\\/\",\"url\":\"https:\\\/\\\/resolute.lt\\\/index.php\\\/produktas\\\/ulefone-usmart-c01-mikroskopas\\\/\",\"name\":\"Ulefone uSmart C01 mikroskopas - Resolute.lt\",\"isPartOf\":{\"@id\":\"https:\\\/\\\/resolute.lt\\\/#website\"},\"primaryImageOfPage\":{\"@id\":\"https:\\\/\\\/resolute.lt\\\/index.php\\\/produktas\\\/ulefone-usmart-c01-mikroskopas\\\/#primaryimage\"},\"image\":{\"@id\":\"https:\\\/\\\/resolute.lt\\\/index.php\\\/produktas\\\/ulefone-usmart-c01-mikroskopas\\\/#primaryimage\"},\"thumbnailUrl\":\"https:\\\/\\\/resolute.lt\\\/wp-content\\\/uploads\\\/2023\\\/10\\\/2.-Ulefone-uSmart-C01-mikroskopas-Armor-9-9E-13-16-Pro-18-18T-19-19T-22-24-Resolute.lt_.jpg\",\"datePublished\":\"2023-10-27T12:38:23+00:00\",\"dateModified\":\"2025-10-02T10:14:30+00:00\",\"description\":\"Originalus Ulefone\u2122 uSmart C01 vandeniui atsparus HD rai\u0161kos mikroskopas uSmart Expansion Connector lizd\u0105 palaikantiems Ulefone telefonams.\",\"breadcrumb\":{\"@id\":\"https:\\\/\\\/resolute.lt\\\/index.php\\\/produktas\\\/ulefone-usmart-c01-mikroskopas\\\/#breadcrumb\"},\"inLanguage\":\"lt-LT\",\"potentialAction\":[{\"@type\":\"ReadAction\",\"target\":[\"https:\\\/\\\/resolute.lt\\\/index.php\\\/produktas\\\/ulefone-usmart-c01-mikroskopas\\\/\"]}]},{\"@type\":\"ImageObject\",\"inLanguage\":\"lt-LT\",\"@id\":\"https:\\\/\\\/resolute.lt\\\/index.php\\\/produktas\\\/ulefone-usmart-c01-mikroskopas\\\/#primaryimage\",\"url\":\"https:\\\/\\\/resolute.lt\\\/wp-content\\\/uploads\\\/2023\\\/10\\\/2.-Ulefone-uSmart-C01-mikroskopas-Armor-9-9E-13-16-Pro-18-18T-19-19T-22-24-Resolute.lt_.jpg\",\"contentUrl\":\"https:\\\/\\\/resolute.lt\\\/wp-content\\\/uploads\\\/2023\\\/10\\\/2.-Ulefone-uSmart-C01-mikroskopas-Armor-9-9E-13-16-Pro-18-18T-19-19T-22-24-Resolute.lt_.jpg\",\"width\":750,\"height\":750},{\"@type\":\"BreadcrumbList\",\"@id\":\"https:\\\/\\\/resolute.lt\\\/index.php\\\/produktas\\\/ulefone-usmart-c01-mikroskopas\\\/#breadcrumb\",\"itemListElement\":[{\"@type\":\"ListItem\",\"position\":1,\"name\":\"Home\",\"item\":\"https:\\\/\\\/resolute.lt\\\/\"},{\"@type\":\"ListItem\",\"position\":2,\"name\":\"Resolute.lt\",\"item\":\"https:\\\/\\\/resolute.lt\\\/\"},{\"@type\":\"ListItem\",\"position\":3,\"name\":\"Ulefone uSmart C01 mikroskopas\"}]},{\"@type\":\"WebSite\",\"@id\":\"https:\\\/\\\/resolute.lt\\\/#website\",\"url\":\"https:\\\/\\\/resolute.lt\\\/\",\"name\":\"Resolute.lt\",\"description\":\"Sm\u016bgiams ir vandeniui telefonai\",\"potentialAction\":[{\"@type\":\"SearchAction\",\"target\":{\"@type\":\"EntryPoint\",\"urlTemplate\":\"https:\\\/\\\/resolute.lt\\\/?s={search_term_string}\"},\"query-input\":{\"@type\":\"PropertyValueSpecification\",\"valueRequired\":true,\"valueName\":\"search_term_string\"}}],\"inLanguage\":\"lt-LT\"}]}<\/script>\n<!-- \/ Yoast SEO plugin. -->","yoast_head_json":{"title":"Ulefone uSmart C01 mikroskopas - Resolute.lt","description":"Originalus Ulefone\u2122 uSmart C01 vandeniui atsparus HD rai\u0161kos mikroskopas uSmart Expansion Connector lizd\u0105 palaikantiems Ulefone telefonams.","robots":{"index":"index","follow":"follow","max-snippet":"max-snippet:-1","max-image-preview":"max-image-preview:large","max-video-preview":"max-video-preview:-1"},"canonical":"https:\/\/resolute.lt\/index.php\/produktas\/ulefone-usmart-c01-mikroskopas\/","og_locale":"lt_LT","og_type":"article","og_title":"Ulefone uSmart C01 mikroskopas - Resolute.lt","og_description":"Originalus Ulefone\u2122 uSmart C01 vandeniui atsparus HD rai\u0161kos mikroskopas uSmart Expansion Connector lizd\u0105 palaikantiems Ulefone telefonams.","og_url":"https:\/\/resolute.lt\/index.php\/produktas\/ulefone-usmart-c01-mikroskopas\/","og_site_name":"Resolute.lt","article_modified_time":"2025-10-02T10:14:30+00:00","og_image":[{"width":750,"height":750,"url":"https:\/\/resolute.lt\/wp-content\/uploads\/2023\/10\/2.-Ulefone-uSmart-C01-mikroskopas-Armor-9-9E-13-16-Pro-18-18T-19-19T-22-24-Resolute.lt_.jpg","type":"image\/jpeg"}],"twitter_card":"summary_large_image","twitter_misc":{"Est. reading time":"1 minut\u0117"},"schema":{"@context":"https:\/\/schema.org","@graph":[{"@type":"WebPage","@id":"https:\/\/resolute.lt\/index.php\/produktas\/ulefone-usmart-c01-mikroskopas\/","url":"https:\/\/resolute.lt\/index.php\/produktas\/ulefone-usmart-c01-mikroskopas\/","name":"Ulefone uSmart C01 mikroskopas - Resolute.lt","isPartOf":{"@id":"https:\/\/resolute.lt\/#website"},"primaryImageOfPage":{"@id":"https:\/\/resolute.lt\/index.php\/produktas\/ulefone-usmart-c01-mikroskopas\/#primaryimage"},"image":{"@id":"https:\/\/resolute.lt\/index.php\/produktas\/ulefone-usmart-c01-mikroskopas\/#primaryimage"},"thumbnailUrl":"https:\/\/resolute.lt\/wp-content\/uploads\/2023\/10\/2.-Ulefone-uSmart-C01-mikroskopas-Armor-9-9E-13-16-Pro-18-18T-19-19T-22-24-Resolute.lt_.jpg","datePublished":"2023-10-27T12:38:23+00:00","dateModified":"2025-10-02T10:14:30+00:00","description":"Originalus Ulefone\u2122 uSmart C01 vandeniui atsparus HD rai\u0161kos mikroskopas uSmart Expansion Connector lizd\u0105 palaikantiems Ulefone telefonams.","breadcrumb":{"@id":"https:\/\/resolute.lt\/index.php\/produktas\/ulefone-usmart-c01-mikroskopas\/#breadcrumb"},"inLanguage":"lt-LT","potentialAction":[{"@type":"ReadAction","target":["https:\/\/resolute.lt\/index.php\/produktas\/ulefone-usmart-c01-mikroskopas\/"]}]},{"@type":"ImageObject","inLanguage":"lt-LT","@id":"https:\/\/resolute.lt\/index.php\/produktas\/ulefone-usmart-c01-mikroskopas\/#primaryimage","url":"https:\/\/resolute.lt\/wp-content\/uploads\/2023\/10\/2.-Ulefone-uSmart-C01-mikroskopas-Armor-9-9E-13-16-Pro-18-18T-19-19T-22-24-Resolute.lt_.jpg","contentUrl":"https:\/\/resolute.lt\/wp-content\/uploads\/2023\/10\/2.-Ulefone-uSmart-C01-mikroskopas-Armor-9-9E-13-16-Pro-18-18T-19-19T-22-24-Resolute.lt_.jpg","width":750,"height":750},{"@type":"BreadcrumbList","@id":"https:\/\/resolute.lt\/index.php\/produktas\/ulefone-usmart-c01-mikroskopas\/#breadcrumb","itemListElement":[{"@type":"ListItem","position":1,"name":"Home","item":"https:\/\/resolute.lt\/"},{"@type":"ListItem","position":2,"name":"Resolute.lt","item":"https:\/\/resolute.lt\/"},{"@type":"ListItem","position":3,"name":"Ulefone uSmart C01 mikroskopas"}]},{"@type":"WebSite","@id":"https:\/\/resolute.lt\/#website","url":"https:\/\/resolute.lt\/","name":"Resolute.lt","description":"Sm\u016bgiams ir vandeniui telefonai","potentialAction":[{"@type":"SearchAction","target":{"@type":"EntryPoint","urlTemplate":"https:\/\/resolute.lt\/?s={search_term_string}"},"query-input":{"@type":"PropertyValueSpecification","valueRequired":true,"valueName":"search_term_string"}}],"inLanguage":"lt-LT"}]}},"_links":{"self":[{"href":"https:\/\/resolute.lt\/index.php\/wp-json\/wp\/v2\/product\/4082","targetHints":{"allow":["GET"]}}],"collection":[{"href":"https:\/\/resolute.lt\/index.php\/wp-json\/wp\/v2\/product"}],"about":[{"href":"https:\/\/resolute.lt\/index.php\/wp-json\/wp\/v2\/types\/product"}],"wp:featuredmedia":[{"embeddable":true,"href":"https:\/\/resolute.lt\/index.php\/wp-json\/wp\/v2\/media\/4084"}],"wp:attachment":[{"href":"https:\/\/resolute.lt\/index.php\/wp-json\/wp\/v2\/media?parent=4082"}],"wp:term":[{"taxonomy":"product_brand","embeddable":true,"href":"https:\/\/resolute.lt\/index.php\/wp-json\/wp\/v2\/product_brand?post=4082"},{"taxonomy":"product_cat","embeddable":true,"href":"https:\/\/resolute.lt\/index.php\/wp-json\/wp\/v2\/product_cat?post=4082"},{"taxonomy":"product_tag","embeddable":true,"href":"https:\/\/resolute.lt\/index.php\/wp-json\/wp\/v2\/product_tag?post=4082"}],"curies":[{"name":"wp","href":"https:\/\/api.w.org\/{rel}","templated":true}]}}