{"id":2314,"date":"2021-11-13T17:11:53","date_gmt":"2021-11-13T17:11:53","guid":{"rendered":"https:\/\/resolute.lt\/?post_type=product&#038;p=2314"},"modified":"2021-11-13T17:33:04","modified_gmt":"2021-11-13T17:33:04","slug":"blitzwolf-bw-bc2","status":"publish","type":"product","link":"https:\/\/resolute.lt\/index.php\/produktas\/blitzwolf-bw-bc2\/","title":{"rendered":"BlitzWolf BW-BC2 FM moduliatorius &#8211; \u012fkroviklis"},"content":{"rendered":"<p><strong>BlitzWolf BW-BC2 <\/strong>&#8211; naujausios kartos universalus ir daugiafunkcinis automobilinis FM bang\u0173 moduliatorius &#8211; \u012fkroviklis su Bluetooth ry\u0161io palaikymu. Leiskite norimas dainas i\u0161 YouTube, SoundCloud ar Spotify savo automobilyje!<\/p>\n<p>Tokio tipo prietaisas suteikia galimyb\u0119 belaid\u017eiu Bluetooth ry\u0161iu sujungti i\u0161man\u0173 telefon\u0105 su moduliatoriumi; bei FM bang\u0173 ry\u0161iu sujungti moduliatori\u0173 su automobilio radijo grotuvu ir garso aparat\u016bra. \u0160is prietaisas taip pat leis \u012fkrauti 2 elektronikos prietaisus vienu metu, leisti muzik\u0105 per USB atmintin\u0119 bei atsiliepti \u012f laisv\u0173 rank\u0173 re\u017eimo skambu\u010dius per speciali\u0173 mygtuk\u0105 moduliatoriuje.<\/p>\n<p><strong><a href=\"https:\/\/www.resolute.lt\/\">RESOLUTE.LT EL. PARDUOTUV\u0116:<\/a><br \/>\n<\/strong>\u2013 Standartinis pristatymas (apmokant banko kortele, el. bankininkyste, Paysera ar Paypal).<\/p>\n\n\t<section class=\"section\" id=\"section_1801814071\">\n\t\t<div class=\"section-bg fill\" >\n\t\t\t\t\t\t\t\t\t\n\t\t\t\n\n\t\t<\/div>\n\n\t\t\n\n\t\t<div class=\"section-content relative\">\n\t\t\t\n\t<div id=\"gap-2009842368\" class=\"gap-element clearfix\" style=\"display:block; height:auto;\">\n\t\t\n<style>\n#gap-2009842368 {\n  padding-top: 50px;\n}\n<\/style>\n\t<\/div>\n\t\n<div class=\"row align-center\"  id=\"row-794354747\">\n\n\t<div id=\"col-535498205\" class=\"col medium-4 small-10 large-4\"  >\n\t\t\t\t<div class=\"col-inner\"  >\n\t\t\t\n\t\t\t\n<h1><strong>Komplektacija<\/strong><\/h1>\n\t\t<\/div>\n\t\t\t\t\n<style>\n#col-535498205 > .col-inner {\n  padding: 0px 40px 0px 0px;\n}\n<\/style>\n\t<\/div>\n\n\t\n\n\t<div id=\"col-1960390075\" class=\"col medium-8 small-10 large-8\"  >\n\t\t\t\t<div class=\"col-inner\"  >\n\t\t\t\n\t\t\t\n<ul>\n<li style=\"text-align: left;\"><b>1x\u00a0 <\/b>Automobilinis FM moduliatorius<\/li>\n<li><b>1x<\/b>\u00a0 Naudojimosi instrukcijos<\/li>\n<\/ul>\n\t\t<\/div>\n\t\t\t\t\t<\/div>\n\n\t\n<\/div>\n<div class=\"row align-center\"  id=\"row-621598717\">\n\n\t<div id=\"col-1486791382\" class=\"col medium-4 small-10 large-4\"  >\n\t\t\t\t<div class=\"col-inner\"  >\n\t\t\t\n\t\t\t\n<h1><strong>Bendrieji parametrai<\/strong><\/h1>\n\t\t<\/div>\n\t\t\t\t\n<style>\n#col-1486791382 > .col-inner {\n  padding: 0px 40px 0px 0px;\n}\n<\/style>\n\t<\/div>\n\n\t\n\n\t<div id=\"col-1162501704\" class=\"col medium-8 small-10 large-8\"  >\n\t\t\t\t<div class=\"col-inner\"  >\n\t\t\t\n\t\t\t\n<ul>\n<li style=\"text-align: left;\"><strong>Prek\u0117s tipas:<\/strong> Automobiliniai FM moduliatoriai<\/li>\n<li><strong>Prek\u0117s spalva:<\/strong> Juoda<\/li>\n<\/ul>\n\t\t<\/div>\n\t\t\t\t\t<\/div>\n\n\t\n<\/div>\n<div class=\"row align-center\"  id=\"row-1500230590\">\n\n\t<div id=\"col-161011289\" class=\"col medium-4 small-10 large-4\"  >\n\t\t\t\t<div class=\"col-inner\"  >\n\t\t\t\n\t\t\t\n<h1><strong>Lizdai<\/strong><\/h1>\n\t\t<\/div>\n\t\t\t\t\n<style>\n#col-161011289 > .col-inner {\n  padding: 0px 40px 0px 0px;\n}\n<\/style>\n\t<\/div>\n\n\t\n\n\t<div id=\"col-1880353498\" class=\"col medium-8 small-10 large-8\"  >\n\t\t\t\t<div class=\"col-inner\"  >\n\t\t\t\n\t\t\t\n<ul>\n<li><b>USB Type-C lizdas: <\/b>Taip<b><br \/>\n<\/b><\/li>\n<li><b>USB Type-C lizdo tipas: <\/b>PD (DC 5V\/2A, 9V\/2.1A, 12V\/1.5A &#8211; iki 4 kart\u0173 greitesnis \u012fkrovimas u\u017e standartin\u012f lizd\u0105)<\/li>\n<li><b>USB lizdas: <\/b>Taip, 2 vnt.<\/li>\n<li><b>USB lizdo tipas (1): <\/b>QuickCharge 3.0 (DC 5V\/3A, 9V\/2A, 12V\/1.5A &#8211; iki 4 kart\u0173 greitesnis \u012fkrovimas u\u017e standartin\u012f lizd\u0105)<\/li>\n<li><b>USB lizdo tipas (2): <\/b>Standartinis (5V\/1A)<\/li>\n<\/ul>\n\t\t<\/div>\n\t\t\t\t\t<\/div>\n\n\t\n<\/div>\n<div class=\"row align-center\"  id=\"row-1449851775\">\n\n\t<div id=\"col-235858345\" class=\"col medium-4 small-10 large-4\"  >\n\t\t\t\t<div class=\"col-inner\"  >\n\t\t\t\n\t\t\t\n<h1><strong>Ry\u0161iai<\/strong><\/h1>\n\t\t<\/div>\n\t\t\t\t\n<style>\n#col-235858345 > .col-inner {\n  padding: 0px 40px 0px 0px;\n}\n<\/style>\n\t<\/div>\n\n\t\n\n\t<div id=\"col-1163049296\" class=\"col medium-8 small-10 large-8\"  >\n\t\t\t\t<div class=\"col-inner\"  >\n\t\t\t\n\t\t\t\n<ul>\n<li><strong>Bluetooth:<\/strong> Taip<\/li>\n<li><strong>Bluetooth versija:<\/strong> 5.0<\/li>\n<li><strong>FM: <\/strong>Taip<\/li>\n<li><b>FM da\u017eniai: <\/b>87.5MHz &#8211; 108MHz<\/li>\n<\/ul>\n\t\t<\/div>\n\t\t\t\t\t<\/div>\n\n\t\n<\/div>\n<div class=\"row align-center\"  id=\"row-2055965934\">\n\n\t<div id=\"col-1376502077\" class=\"col medium-4 small-10 large-4\"  >\n\t\t\t\t<div class=\"col-inner\"  >\n\t\t\t\n\t\t\t\n<h1><b>Ekranas<\/b><\/h1>\n\t\t<\/div>\n\t\t\t\t\n<style>\n#col-1376502077 > .col-inner {\n  padding: 0px 40px 0px 0px;\n}\n<\/style>\n\t<\/div>\n\n\t\n\n\t<div id=\"col-358090844\" class=\"col medium-8 small-10 large-8\"  >\n\t\t\t\t<div class=\"col-inner\"  >\n\t\t\t\n\t\t\t\n<ul>\n<li><strong>Ekrano tipas: <\/strong>LED<\/li>\n<li><b>Spalvos: <\/b>8 (raudona, \u017ealia, m\u0117lyna, oran\u017ein\u0117, violetin\u0117, ledo m\u0117lyna, balta)<\/li>\n<li><b>RGB re\u017eimas: <\/b>1 dinaminis, 1 statinis<\/li>\n<\/ul>\n\t\t<\/div>\n\t\t\t\t\t<\/div>\n\n\t\n<\/div>\n<div class=\"row align-center\"  id=\"row-1707398329\">\n\n\t<div id=\"col-1790425850\" class=\"col medium-4 small-10 large-4\"  >\n\t\t\t\t<div class=\"col-inner\"  >\n\t\t\t\n\t\t\t\n<h1><strong>USB atmintin\u0117s palaikymas<\/strong><\/h1>\n\t\t<\/div>\n\t\t\t\t\n<style>\n#col-1790425850 > .col-inner {\n  padding: 0px 40px 0px 0px;\n}\n<\/style>\n\t<\/div>\n\n\t\n\n\t<div id=\"col-777821404\" class=\"col medium-8 small-10 large-8\"  >\n\t\t\t\t<div class=\"col-inner\"  >\n\t\t\t\n\t\t\t\n<ul>\n<li><strong>USB atmintin\u0117s palaikymas: <\/strong>Taip<\/li>\n<li><strong>Maksimali atmintis: <\/strong>32GB<\/li>\n<li><strong>Muzikos formatai: <\/strong>MP3\/WMA\/WAV\/FLAC<\/li>\n<\/ul>\n\t\t<\/div>\n\t\t\t\t\t<\/div>\n\n\t\n<\/div>\n<div class=\"row align-center\"  id=\"row-1629639075\">\n\n\t<div id=\"col-677765016\" class=\"col medium-4 small-10 large-4\"  >\n\t\t\t\t<div class=\"col-inner\"  >\n\t\t\t\n\t\t\t\n<h1><b>Matmenys<\/b><\/h1>\n\t\t<\/div>\n\t\t\t\t\n<style>\n#col-677765016 > .col-inner {\n  padding: 0px 40px 0px 0px;\n}\n<\/style>\n\t<\/div>\n\n\t\n\n\t<div id=\"col-419464023\" class=\"col medium-8 small-10 large-8\"  >\n\t\t\t\t<div class=\"col-inner\"  >\n\t\t\t\n\t\t\t\n<ul>\n<li><strong>Matmenys:<\/strong> 75 x 46 x 35 mm<\/li>\n<\/ul>\n\t\t<\/div>\n\t\t\t\t\t<\/div>\n\n\t\n<\/div>\n\t\t<\/div>\n\n\t\t\n<style>\n#section_1801814071 {\n  padding-top: 20px;\n  padding-bottom: 20px;\n}\n<\/style>\n\t<\/section>\n\t\n<p><img decoding=\"async\" class=\"bg_lazy\" title=\"BlitzWolf\u00ae BW-BC2 bluetooth V5.0 FM Transmitter 18W PD + QC3.0 USB Car Charger 7 Colors RGB Backlit Light LED Digital Display Wireless Radio Adapter HiFi Music Play Car Kit With Mic Hands Free Calls\" src=\"https:\/\/imgaz.staticbg.com\/images\/oaupload\/banggood\/images\/8E\/11\/40d8353f-cbe4-476b-a709-ac309e9bd9cd.jpg.webp\" data-original=\"https:\/\/imgaz.staticbg.com\/images\/oaupload\/banggood\/images\/8E\/11\/40d8353f-cbe4-476b-a709-ac309e9bd9cd.jpg\" \/><br \/>\n<img decoding=\"async\" class=\"bg_lazy\" title=\"BlitzWolf\u00ae BW-BC2 bluetooth V5.0 FM Transmitter 18W PD + QC3.0 USB Car Charger 7 Colors RGB Backlit Light LED Digital Display Wireless Radio Adapter HiFi Music Play Car Kit With Mic Hands Free Calls\" src=\"https:\/\/imgaz.staticbg.com\/images\/oaupload\/banggood\/images\/6C\/DA\/66877231-3ee7-453d-a090-2564ecd28909.jpg.webp\" data-original=\"https:\/\/imgaz.staticbg.com\/images\/oaupload\/banggood\/images\/6C\/DA\/66877231-3ee7-453d-a090-2564ecd28909.jpg\" \/><br \/>\n<img decoding=\"async\" class=\"bg_lazy\" title=\"BlitzWolf\u00ae BW-BC2 bluetooth V5.0 FM Transmitter 18W PD + QC3.0 USB Car Charger 7 Colors RGB Backlit Light LED Digital Display Wireless Radio Adapter HiFi Music Play Car Kit With Mic Hands Free Calls\" src=\"https:\/\/imgaz.staticbg.com\/images\/oaupload\/banggood\/images\/9F\/FA\/272e3366-9d49-4d29-98a9-2a15dd553c3e.jpg.webp\" data-original=\"https:\/\/imgaz.staticbg.com\/images\/oaupload\/banggood\/images\/9F\/FA\/272e3366-9d49-4d29-98a9-2a15dd553c3e.jpg\" \/><br \/>\n<img decoding=\"async\" class=\"bg_lazy\" title=\"BlitzWolf\u00ae BW-BC2 bluetooth V5.0 FM Transmitter 18W PD + QC3.0 USB Car Charger 7 Colors RGB Backlit Light LED Digital Display Wireless Radio Adapter HiFi Music Play Car Kit With Mic Hands Free Calls\" src=\"https:\/\/imgaz.staticbg.com\/images\/oaupload\/banggood\/images\/FD\/52\/057c3f90-b40d-48c1-bc73-14022dc4fea5.jpg.webp\" data-original=\"https:\/\/imgaz.staticbg.com\/images\/oaupload\/banggood\/images\/FD\/52\/057c3f90-b40d-48c1-bc73-14022dc4fea5.jpg\" \/><br \/>\n<img decoding=\"async\" class=\"bg_lazy\" title=\"BlitzWolf\u00ae BW-BC2 bluetooth V5.0 FM Transmitter 18W PD + QC3.0 USB Car Charger 7 Colors RGB Backlit Light LED Digital Display Wireless Radio Adapter HiFi Music Play Car Kit With Mic Hands Free Calls\" src=\"https:\/\/imgaz.staticbg.com\/images\/oaupload\/banggood\/images\/F9\/EA\/91b4bfad-7bc8-4e67-a43a-f9085ddf129c.jpg.webp\" data-original=\"https:\/\/imgaz.staticbg.com\/images\/oaupload\/banggood\/images\/F9\/EA\/91b4bfad-7bc8-4e67-a43a-f9085ddf129c.jpg\" \/><br \/>\n<img decoding=\"async\" class=\"bg_lazy\" title=\"BlitzWolf\u00ae BW-BC2 bluetooth V5.0 FM Transmitter 18W PD + QC3.0 USB Car Charger 7 Colors RGB Backlit Light LED Digital Display Wireless Radio Adapter HiFi Music Play Car Kit With Mic Hands Free Calls\" src=\"https:\/\/imgaz.staticbg.com\/images\/oaupload\/banggood\/images\/11\/A1\/6229ba6e-01f8-4d62-af8e-c738b9126d96.jpg.webp\" data-original=\"https:\/\/imgaz.staticbg.com\/images\/oaupload\/banggood\/images\/11\/A1\/6229ba6e-01f8-4d62-af8e-c738b9126d96.jpg\" \/><br \/>\n<img decoding=\"async\" class=\"bg_lazy\" title=\"BlitzWolf\u00ae BW-BC2 bluetooth V5.0 FM Transmitter 18W PD + QC3.0 USB Car Charger 7 Colors RGB Backlit Light LED Digital Display Wireless Radio Adapter HiFi Music Play Car Kit With Mic Hands Free Calls\" src=\"https:\/\/imgaz.staticbg.com\/images\/oaupload\/banggood\/images\/F1\/61\/62261ee6-3c78-424f-ae5e-cd3483c5c931.jpg.webp\" data-original=\"https:\/\/imgaz.staticbg.com\/images\/oaupload\/banggood\/images\/F1\/61\/62261ee6-3c78-424f-ae5e-cd3483c5c931.jpg\" \/><br \/>\n<img decoding=\"async\" class=\"bg_lazy\" title=\"BlitzWolf\u00ae BW-BC2 bluetooth V5.0 FM Transmitter 18W PD + QC3.0 USB Car Charger 7 Colors RGB Backlit Light LED Digital Display Wireless Radio Adapter HiFi Music Play Car Kit With Mic Hands Free Calls\" src=\"https:\/\/imgaz.staticbg.com\/images\/oaupload\/banggood\/images\/60\/A3\/4d894d92-b8b8-4ab5-98c3-6a6821cbff24.jpg.webp\" data-original=\"https:\/\/imgaz.staticbg.com\/images\/oaupload\/banggood\/images\/60\/A3\/4d894d92-b8b8-4ab5-98c3-6a6821cbff24.jpg\" \/><br \/>\n<img decoding=\"async\" class=\"bg_lazy\" title=\"BlitzWolf\u00ae BW-BC2 bluetooth V5.0 FM Transmitter 18W PD + QC3.0 USB Car Charger 7 Colors RGB Backlit Light LED Digital Display Wireless Radio Adapter HiFi Music Play Car Kit With Mic Hands Free Calls\" src=\"https:\/\/imgaz.staticbg.com\/images\/oaupload\/banggood\/images\/D9\/C0\/504b7c50-d27e-448c-a108-25451f72b222.jpg.webp\" data-original=\"https:\/\/imgaz.staticbg.com\/images\/oaupload\/banggood\/images\/D9\/C0\/504b7c50-d27e-448c-a108-25451f72b222.jpg\" \/><\/p>\n","protected":false},"excerpt":{"rendered":"<p>BlitzWolf BW-BC2 &#8211; naujausios kartos universalus ir daugiafunkcinis automobilinis FM bang\u0173 moduliatorius &#8211; \u012fkroviklis su Bluetooth ry\u0161io palaikymu. Leiskite norimas dainas i\u0161 YouTube, SoundCloud ar Spotify savo automobilyje! Tokio tipo prietaisas suteikia galimyb\u0119 belaid\u017eiu Bluetooth ry\u0161iu sujungti i\u0161man\u0173 telefon\u0105 su moduliatoriumi; bei FM bang\u0173 ry\u0161iu sujungti moduliatori\u0173 su automobilio radijo grotuvu ir garso aparat\u016bra. \u0160is [&#8230;]\n","protected":false},"featured_media":2321,"template":"","meta":[],"product_brand":[],"product_cat":[37],"product_tag":[],"class_list":{"0":"post-2314","1":"product","2":"type-product","3":"status-publish","4":"has-post-thumbnail","6":"product_cat-kiti-telefonu-priedai","8":"first","9":"instock","10":"sale","11":"shipping-taxable","12":"purchasable","13":"product-type-simple"},"yoast_head":"<!-- This site is optimized with the Yoast SEO plugin v27.4 - https:\/\/yoast.com\/product\/yoast-seo-wordpress\/ -->\n<title>BlitzWolf BW-BC2 FM moduliatorius - \u012fkroviklis - Resolute.lt<\/title>\n<meta name=\"description\" content=\"Nauji BlitzWolf produktai ma\u017eiausia kaina! Platus asortimentas, patogus atsiskaitymas! I\u0161mani\u0173j\u0173 telefon\u0173 ir automobili\u0173 priedai pigiau!\" \/>\n<meta name=\"robots\" content=\"index, follow, max-snippet:-1, max-image-preview:large, max-video-preview:-1\" \/>\n<link rel=\"canonical\" href=\"https:\/\/resolute.lt\/index.php\/produktas\/blitzwolf-bw-bc2\/\" \/>\n<meta property=\"og:locale\" content=\"lt_LT\" \/>\n<meta property=\"og:type\" content=\"article\" \/>\n<meta property=\"og:title\" content=\"BlitzWolf BW-BC2 FM moduliatorius - \u012fkroviklis - Resolute.lt\" \/>\n<meta property=\"og:description\" content=\"Nauji BlitzWolf produktai ma\u017eiausia kaina! Platus asortimentas, patogus atsiskaitymas! I\u0161mani\u0173j\u0173 telefon\u0173 ir automobili\u0173 priedai pigiau!\" \/>\n<meta property=\"og:url\" content=\"https:\/\/resolute.lt\/index.php\/produktas\/blitzwolf-bw-bc2\/\" \/>\n<meta property=\"og:site_name\" content=\"Resolute.lt\" \/>\n<meta property=\"article:modified_time\" content=\"2021-11-13T17:33:04+00:00\" \/>\n<meta property=\"og:image\" content=\"https:\/\/resolute.lt\/wp-content\/uploads\/2021\/11\/Blitzwolf-BW-BC2-5.png\" \/>\n\t<meta property=\"og:image:width\" content=\"898\" \/>\n\t<meta property=\"og:image:height\" content=\"900\" \/>\n\t<meta property=\"og:image:type\" content=\"image\/png\" \/>\n<meta name=\"twitter:card\" content=\"summary_large_image\" \/>\n<meta name=\"twitter:label1\" content=\"Est. reading time\" \/>\n\t<meta name=\"twitter:data1\" content=\"4 minut\u0117s\" \/>\n<script type=\"application\/ld+json\" class=\"yoast-schema-graph\">{\"@context\":\"https:\\\/\\\/schema.org\",\"@graph\":[{\"@type\":\"WebPage\",\"@id\":\"https:\\\/\\\/resolute.lt\\\/index.php\\\/produktas\\\/blitzwolf-bw-bc2\\\/\",\"url\":\"https:\\\/\\\/resolute.lt\\\/index.php\\\/produktas\\\/blitzwolf-bw-bc2\\\/\",\"name\":\"BlitzWolf BW-BC2 FM moduliatorius - \u012fkroviklis - Resolute.lt\",\"isPartOf\":{\"@id\":\"https:\\\/\\\/resolute.lt\\\/#website\"},\"primaryImageOfPage\":{\"@id\":\"https:\\\/\\\/resolute.lt\\\/index.php\\\/produktas\\\/blitzwolf-bw-bc2\\\/#primaryimage\"},\"image\":{\"@id\":\"https:\\\/\\\/resolute.lt\\\/index.php\\\/produktas\\\/blitzwolf-bw-bc2\\\/#primaryimage\"},\"thumbnailUrl\":\"https:\\\/\\\/resolute.lt\\\/wp-content\\\/uploads\\\/2021\\\/11\\\/Blitzwolf-BW-BC2-5.png\",\"datePublished\":\"2021-11-13T17:11:53+00:00\",\"dateModified\":\"2021-11-13T17:33:04+00:00\",\"description\":\"Nauji BlitzWolf produktai ma\u017eiausia kaina! Platus asortimentas, patogus atsiskaitymas! I\u0161mani\u0173j\u0173 telefon\u0173 ir automobili\u0173 priedai pigiau!\",\"breadcrumb\":{\"@id\":\"https:\\\/\\\/resolute.lt\\\/index.php\\\/produktas\\\/blitzwolf-bw-bc2\\\/#breadcrumb\"},\"inLanguage\":\"lt-LT\",\"potentialAction\":[{\"@type\":\"ReadAction\",\"target\":[\"https:\\\/\\\/resolute.lt\\\/index.php\\\/produktas\\\/blitzwolf-bw-bc2\\\/\"]}]},{\"@type\":\"ImageObject\",\"inLanguage\":\"lt-LT\",\"@id\":\"https:\\\/\\\/resolute.lt\\\/index.php\\\/produktas\\\/blitzwolf-bw-bc2\\\/#primaryimage\",\"url\":\"https:\\\/\\\/resolute.lt\\\/wp-content\\\/uploads\\\/2021\\\/11\\\/Blitzwolf-BW-BC2-5.png\",\"contentUrl\":\"https:\\\/\\\/resolute.lt\\\/wp-content\\\/uploads\\\/2021\\\/11\\\/Blitzwolf-BW-BC2-5.png\",\"width\":898,\"height\":900},{\"@type\":\"BreadcrumbList\",\"@id\":\"https:\\\/\\\/resolute.lt\\\/index.php\\\/produktas\\\/blitzwolf-bw-bc2\\\/#breadcrumb\",\"itemListElement\":[{\"@type\":\"ListItem\",\"position\":1,\"name\":\"Home\",\"item\":\"https:\\\/\\\/resolute.lt\\\/\"},{\"@type\":\"ListItem\",\"position\":2,\"name\":\"Resolute.lt\",\"item\":\"https:\\\/\\\/resolute.lt\\\/\"},{\"@type\":\"ListItem\",\"position\":3,\"name\":\"BlitzWolf BW-BC2 FM moduliatorius &#8211; \u012fkroviklis\"}]},{\"@type\":\"WebSite\",\"@id\":\"https:\\\/\\\/resolute.lt\\\/#website\",\"url\":\"https:\\\/\\\/resolute.lt\\\/\",\"name\":\"Resolute.lt\",\"description\":\"Sm\u016bgiams ir vandeniui telefonai\",\"potentialAction\":[{\"@type\":\"SearchAction\",\"target\":{\"@type\":\"EntryPoint\",\"urlTemplate\":\"https:\\\/\\\/resolute.lt\\\/?s={search_term_string}\"},\"query-input\":{\"@type\":\"PropertyValueSpecification\",\"valueRequired\":true,\"valueName\":\"search_term_string\"}}],\"inLanguage\":\"lt-LT\"}]}<\/script>\n<!-- \/ Yoast SEO plugin. -->","yoast_head_json":{"title":"BlitzWolf BW-BC2 FM moduliatorius - \u012fkroviklis - Resolute.lt","description":"Nauji BlitzWolf produktai ma\u017eiausia kaina! Platus asortimentas, patogus atsiskaitymas! I\u0161mani\u0173j\u0173 telefon\u0173 ir automobili\u0173 priedai pigiau!","robots":{"index":"index","follow":"follow","max-snippet":"max-snippet:-1","max-image-preview":"max-image-preview:large","max-video-preview":"max-video-preview:-1"},"canonical":"https:\/\/resolute.lt\/index.php\/produktas\/blitzwolf-bw-bc2\/","og_locale":"lt_LT","og_type":"article","og_title":"BlitzWolf BW-BC2 FM moduliatorius - \u012fkroviklis - Resolute.lt","og_description":"Nauji BlitzWolf produktai ma\u017eiausia kaina! Platus asortimentas, patogus atsiskaitymas! I\u0161mani\u0173j\u0173 telefon\u0173 ir automobili\u0173 priedai pigiau!","og_url":"https:\/\/resolute.lt\/index.php\/produktas\/blitzwolf-bw-bc2\/","og_site_name":"Resolute.lt","article_modified_time":"2021-11-13T17:33:04+00:00","og_image":[{"width":898,"height":900,"url":"https:\/\/resolute.lt\/wp-content\/uploads\/2021\/11\/Blitzwolf-BW-BC2-5.png","type":"image\/png"}],"twitter_card":"summary_large_image","twitter_misc":{"Est. reading time":"4 minut\u0117s"},"schema":{"@context":"https:\/\/schema.org","@graph":[{"@type":"WebPage","@id":"https:\/\/resolute.lt\/index.php\/produktas\/blitzwolf-bw-bc2\/","url":"https:\/\/resolute.lt\/index.php\/produktas\/blitzwolf-bw-bc2\/","name":"BlitzWolf BW-BC2 FM moduliatorius - \u012fkroviklis - Resolute.lt","isPartOf":{"@id":"https:\/\/resolute.lt\/#website"},"primaryImageOfPage":{"@id":"https:\/\/resolute.lt\/index.php\/produktas\/blitzwolf-bw-bc2\/#primaryimage"},"image":{"@id":"https:\/\/resolute.lt\/index.php\/produktas\/blitzwolf-bw-bc2\/#primaryimage"},"thumbnailUrl":"https:\/\/resolute.lt\/wp-content\/uploads\/2021\/11\/Blitzwolf-BW-BC2-5.png","datePublished":"2021-11-13T17:11:53+00:00","dateModified":"2021-11-13T17:33:04+00:00","description":"Nauji BlitzWolf produktai ma\u017eiausia kaina! Platus asortimentas, patogus atsiskaitymas! I\u0161mani\u0173j\u0173 telefon\u0173 ir automobili\u0173 priedai pigiau!","breadcrumb":{"@id":"https:\/\/resolute.lt\/index.php\/produktas\/blitzwolf-bw-bc2\/#breadcrumb"},"inLanguage":"lt-LT","potentialAction":[{"@type":"ReadAction","target":["https:\/\/resolute.lt\/index.php\/produktas\/blitzwolf-bw-bc2\/"]}]},{"@type":"ImageObject","inLanguage":"lt-LT","@id":"https:\/\/resolute.lt\/index.php\/produktas\/blitzwolf-bw-bc2\/#primaryimage","url":"https:\/\/resolute.lt\/wp-content\/uploads\/2021\/11\/Blitzwolf-BW-BC2-5.png","contentUrl":"https:\/\/resolute.lt\/wp-content\/uploads\/2021\/11\/Blitzwolf-BW-BC2-5.png","width":898,"height":900},{"@type":"BreadcrumbList","@id":"https:\/\/resolute.lt\/index.php\/produktas\/blitzwolf-bw-bc2\/#breadcrumb","itemListElement":[{"@type":"ListItem","position":1,"name":"Home","item":"https:\/\/resolute.lt\/"},{"@type":"ListItem","position":2,"name":"Resolute.lt","item":"https:\/\/resolute.lt\/"},{"@type":"ListItem","position":3,"name":"BlitzWolf BW-BC2 FM moduliatorius &#8211; \u012fkroviklis"}]},{"@type":"WebSite","@id":"https:\/\/resolute.lt\/#website","url":"https:\/\/resolute.lt\/","name":"Resolute.lt","description":"Sm\u016bgiams ir vandeniui telefonai","potentialAction":[{"@type":"SearchAction","target":{"@type":"EntryPoint","urlTemplate":"https:\/\/resolute.lt\/?s={search_term_string}"},"query-input":{"@type":"PropertyValueSpecification","valueRequired":true,"valueName":"search_term_string"}}],"inLanguage":"lt-LT"}]}},"_links":{"self":[{"href":"https:\/\/resolute.lt\/index.php\/wp-json\/wp\/v2\/product\/2314","targetHints":{"allow":["GET"]}}],"collection":[{"href":"https:\/\/resolute.lt\/index.php\/wp-json\/wp\/v2\/product"}],"about":[{"href":"https:\/\/resolute.lt\/index.php\/wp-json\/wp\/v2\/types\/product"}],"wp:featuredmedia":[{"embeddable":true,"href":"https:\/\/resolute.lt\/index.php\/wp-json\/wp\/v2\/media\/2321"}],"wp:attachment":[{"href":"https:\/\/resolute.lt\/index.php\/wp-json\/wp\/v2\/media?parent=2314"}],"wp:term":[{"taxonomy":"product_brand","embeddable":true,"href":"https:\/\/resolute.lt\/index.php\/wp-json\/wp\/v2\/product_brand?post=2314"},{"taxonomy":"product_cat","embeddable":true,"href":"https:\/\/resolute.lt\/index.php\/wp-json\/wp\/v2\/product_cat?post=2314"},{"taxonomy":"product_tag","embeddable":true,"href":"https:\/\/resolute.lt\/index.php\/wp-json\/wp\/v2\/product_tag?post=2314"}],"curies":[{"name":"wp","href":"https:\/\/api.w.org\/{rel}","templated":true}]}}