{"id":2185,"date":"2021-09-29T20:16:21","date_gmt":"2021-09-29T20:16:21","guid":{"rendered":"https:\/\/resolute.lt\/?post_type=product&#038;p=2185"},"modified":"2022-02-14T15:08:58","modified_gmt":"2022-02-14T15:08:58","slug":"infisense-p2","status":"publish","type":"product","link":"https:\/\/resolute.lt\/index.php\/produktas\/infisense-p2\/","title":{"rendered":"InfiSense P2 termovizorius"},"content":{"rendered":"<p><strong>InfiSense P2<\/strong> \u2013 termomizorius (termo kamera) i\u0161maniesiems telefonams su USB Type-C jungtimi.<\/p>\n<p><strong><a href=\"https:\/\/www.resolute.lt\/\">RESOLUTE.LT EL. PARDUOTUV\u0116:<\/a><\/strong><strong><br \/>\n<\/strong>\u2013 Standartinis pristatymas (apmokant banko kortele, el. bankininkyste, Paysera ar Paypal).<br \/>\n\u2013 I\u0161ankstinis u\u017esakymas (numatomas i\u0161siuntimas: vasario m\u0117n. galas).<\/p>\n\n\t<section class=\"section\" id=\"section_1980067958\">\n\t\t<div class=\"section-bg fill\" >\n\t\t\t\t\t\t\t\t\t\n\t\t\t\n\n\t\t<\/div>\n\n\t\t\n\n\t\t<div class=\"section-content relative\">\n\t\t\t\n\t<div id=\"gap-797667442\" class=\"gap-element clearfix\" style=\"display:block; height:auto;\">\n\t\t\n<style>\n#gap-797667442 {\n  padding-top: 50px;\n}\n<\/style>\n\t<\/div>\n\t\n<div class=\"row align-center\"  id=\"row-36674991\">\n\n\t<div id=\"col-619068138\" class=\"col medium-4 small-10 large-4\"  >\n\t\t\t\t<div class=\"col-inner\"  >\n\t\t\t\n\t\t\t\n<h1><strong>Komplektacija<\/strong><\/h1>\n\t\t<\/div>\n\t\t\t\t\n<style>\n#col-619068138 > .col-inner {\n  padding: 0px 40px 0px 0px;\n}\n<\/style>\n\t<\/div>\n\n\t\n\n\t<div id=\"col-133752917\" class=\"col medium-8 small-10 large-8\"  >\n\t\t\t\t<div class=\"col-inner\"  >\n\t\t\t\n\t\t\t\n<ul>\n<li style=\"text-align: left;\"><b>1x\u00a0 <\/b>Termovizorius<\/li>\n<li><b>1x\u00a0 <\/b>Dirbtin\u0117s odos mai\u0161elis<\/li>\n<li><b>1x<\/b>\u00a0 Kameros l\u0119\u0161io \u0161luost\u0117<\/li>\n<li><b>1x<\/b>\u00a0 Naudojimosi instrukcijos<\/li>\n<\/ul>\n\t\t<\/div>\n\t\t\t\t\t<\/div>\n\n\t\n<\/div>\n<div class=\"row align-center\"  id=\"row-1859537963\">\n\n\t<div id=\"col-1348509873\" class=\"col medium-4 small-10 large-4\"  >\n\t\t\t\t<div class=\"col-inner\"  >\n\t\t\t\n\t\t\t\n<h1><strong>Bendrieji parametrai<\/strong><\/h1>\n\t\t<\/div>\n\t\t\t\t\n<style>\n#col-1348509873 > .col-inner {\n  padding: 0px 40px 0px 0px;\n}\n<\/style>\n\t<\/div>\n\n\t\n\n\t<div id=\"col-1389442492\" class=\"col medium-8 small-10 large-8\"  >\n\t\t\t\t<div class=\"col-inner\"  >\n\t\t\t\n\t\t\t\n<ul>\n<li style=\"text-align: left;\"><strong>Prek\u0117s tipas:<\/strong> Termovizoriai<\/li>\n<li><strong>Prek\u0117s spalva:<\/strong> Tamsiai pilkas<\/li>\n<\/ul>\n\t\t<\/div>\n\t\t\t\t\t<\/div>\n\n\t\n<\/div>\n<div class=\"row align-center\"  id=\"row-648444090\">\n\n\t<div id=\"col-770799860\" class=\"col medium-4 small-10 large-4\"  >\n\t\t\t\t<div class=\"col-inner\"  >\n\t\t\t\n\t\t\t\n<h1><strong>Foto ir vaizdo kamera<\/strong><\/h1>\n\t\t<\/div>\n\t\t\t\t\n<style>\n#col-770799860 > .col-inner {\n  padding: 0px 40px 0px 0px;\n}\n<\/style>\n\t<\/div>\n\n\t\n\n\t<div id=\"col-257577072\" class=\"col medium-8 small-10 large-8\"  >\n\t\t\t\t<div class=\"col-inner\"  >\n\t\t\t\n\t\t\t\n<ul>\n<li><strong>Rai\u0161ka: <\/strong>256 x 152<\/li>\n<li><strong>Diafragma:<\/strong> F1.1<\/li>\n<li><strong>Matymo kampas:<\/strong> 56\u00b0 x 42,2\u00b0<\/li>\n<li><strong>Pikselio dydis:<\/strong> 12 \u00b5m<\/li>\n<\/ul>\n\t\t<\/div>\n\t\t\t\t\t<\/div>\n\n\t\n<\/div>\n<div class=\"row align-center\"  id=\"row-1110072981\">\n\n\t<div id=\"col-1528836249\" class=\"col medium-4 small-10 large-4\"  >\n\t\t\t\t<div class=\"col-inner\"  >\n\t\t\t\n\t\t\t\n<h1><strong>Kiti techniniai duomenys<\/strong><\/h1>\n\t\t<\/div>\n\t\t\t\t\n<style>\n#col-1528836249 > .col-inner {\n  padding: 0px 40px 0px 0px;\n}\n<\/style>\n\t<\/div>\n\n\t\n\n\t<div id=\"col-1894646650\" class=\"col medium-8 small-10 large-8\"  >\n\t\t\t\t<div class=\"col-inner\"  >\n\t\t\t\n\t\t\t\n<ul>\n<li><strong>Procesorius:<\/strong> savaranki\u0161kai sukurtas ASIC lustas<\/li>\n<li><strong>Darbin\u0117 temperat\u016bra:<\/strong> -10 \u2103 -55 \u2103<\/li>\n<li><strong>Laikymo temperat\u016bra:<\/strong> -40 \u2103 -85 \u2103<\/li>\n<li><strong>USB lizdo tipas:<\/strong> USB Type-C<\/li>\n<\/ul>\n\t\t<\/div>\n\t\t\t\t\t<\/div>\n\n\t\n<\/div>\n<div class=\"row align-center\"  id=\"row-1910538857\">\n\n\t<div id=\"col-97449214\" class=\"col medium-4 small-10 large-4\"  >\n\t\t\t\t<div class=\"col-inner\"  >\n\t\t\t\n\t\t\t\n<h1><strong>Programin\u0117 \u012franga\u00a0<\/strong><\/h1>\n\t\t<\/div>\n\t\t\t\t\n<style>\n#col-97449214 > .col-inner {\n  padding: 0px 40px 0px 0px;\n}\n<\/style>\n\t<\/div>\n\n\t\n\n\t<div id=\"col-1994986743\" class=\"col medium-8 small-10 large-8\"  >\n\t\t\t\t<div class=\"col-inner\"  >\n\t\t\t\n\t\t\t\n<ul>\n<li><strong>Palet\u0117s:<\/strong> balta \/ juoda, kar\u0161\u010dio ir 6 spalv\u0173 palet\u0117s<\/li>\n<li><strong>Temperat\u016bros matavimo re\u017eimas:<\/strong> ta\u0161ko \/ linijos \/ srities temperat\u016bros matavimas<\/li>\n<li><strong>Dalijimasis informacija:<\/strong> momentinis nuotrauk\u0173 bendrinimas<\/li>\n<li><strong>Duomen\u0173 analiz\u0117:<\/strong> antrin\u0117 temperat\u016bros analiz\u0117 ir termini\u0173 vaizd\u0173 apdorojimas<\/li>\n<li><strong>Suderinamumas:<\/strong> Android 6 ir naujesn\u0117s versijos<\/li>\n<li><strong>Atnaujinimas:<\/strong> internetinis<\/li>\n<\/ul>\n\t\t<\/div>\n\t\t\t\t\t<\/div>\n\n\t\n<\/div>\n<div class=\"row align-center\"  id=\"row-548656376\">\n\n\t<div id=\"col-948815251\" class=\"col medium-4 small-10 large-4\"  >\n\t\t\t\t<div class=\"col-inner\"  >\n\t\t\t\n\t\t\t\n<h1><strong>Matmenys ir svoris:<\/strong><\/h1>\n\t\t<\/div>\n\t\t\t\t\n<style>\n#col-948815251 > .col-inner {\n  padding: 0px 40px 0px 0px;\n}\n<\/style>\n\t<\/div>\n\n\t\n\n\t<div id=\"col-1672305476\" class=\"col medium-8 small-10 large-8\"  >\n\t\t\t\t<div class=\"col-inner\"  >\n\t\t\t\n\t\t\t\n<ul>\n<li><strong>I\u0161matavimai: <\/strong>27 x 18 x 9,8 mm<\/li>\n<li><b>Svoris: <\/b>9 g<\/li>\n<\/ul>\n\t\t<\/div>\n\t\t\t\t\t<\/div>\n\n\t\n<\/div>\n\t\t<\/div>\n\n\t\t\n<style>\n#section_1980067958 {\n  padding-top: 20px;\n  padding-bottom: 20px;\n}\n<\/style>\n\t<\/section>\n\t\n","protected":false},"excerpt":{"rendered":"<p>InfiSense P2 \u2013 termomizorius (termo kamera) i\u0161maniesiems telefonams su USB Type-C jungtimi. RESOLUTE.LT EL. PARDUOTUV\u0116: \u2013 Standartinis pristatymas (apmokant banko kortele, el. bankininkyste, Paysera ar Paypal). \u2013 I\u0161ankstinis u\u017esakymas (numatomas i\u0161siuntimas: vasario m\u0117n. galas).<\/p>\n","protected":false},"featured_media":2186,"template":"","meta":[],"product_brand":[],"product_cat":[37],"product_tag":[],"class_list":{"0":"post-2185","1":"product","2":"type-product","3":"status-publish","4":"has-post-thumbnail","6":"product_cat-kiti-telefonu-priedai","8":"first","9":"instock","10":"shipping-taxable","11":"purchasable","12":"product-type-simple"},"yoast_head":"<!-- This site is optimized with the Yoast SEO plugin v27.4 - https:\/\/yoast.com\/product\/yoast-seo-wordpress\/ -->\n<title>InfiSense P2 termovizorius - Resolute.lt<\/title>\n<meta name=\"robots\" content=\"index, follow, max-snippet:-1, max-image-preview:large, max-video-preview:-1\" \/>\n<link rel=\"canonical\" href=\"https:\/\/resolute.lt\/index.php\/produktas\/infisense-p2\/\" \/>\n<meta property=\"og:locale\" content=\"lt_LT\" \/>\n<meta property=\"og:type\" content=\"article\" \/>\n<meta property=\"og:title\" content=\"InfiSense P2 termovizorius - Resolute.lt\" \/>\n<meta property=\"og:description\" content=\"InfiSense P2 \u2013 termomizorius (termo kamera) i\u0161maniesiems telefonams su USB Type-C jungtimi. RESOLUTE.LT EL. PARDUOTUV\u0116: \u2013 Standartinis pristatymas (apmokant banko kortele, el. bankininkyste, Paysera ar Paypal). \u2013 I\u0161ankstinis u\u017esakymas (numatomas i\u0161siuntimas: vasario m\u0117n. galas).\" \/>\n<meta property=\"og:url\" content=\"https:\/\/resolute.lt\/index.php\/produktas\/infisense-p2\/\" \/>\n<meta property=\"og:site_name\" content=\"Resolute.lt\" \/>\n<meta property=\"article:modified_time\" content=\"2022-02-14T15:08:58+00:00\" \/>\n<meta property=\"og:image\" content=\"https:\/\/resolute.lt\/wp-content\/uploads\/2021\/09\/1-infisense-P2.png\" \/>\n\t<meta property=\"og:image:width\" content=\"984\" \/>\n\t<meta property=\"og:image:height\" content=\"987\" \/>\n\t<meta property=\"og:image:type\" content=\"image\/png\" \/>\n<meta name=\"twitter:card\" content=\"summary_large_image\" \/>\n<meta name=\"twitter:label1\" content=\"Est. reading time\" \/>\n\t<meta name=\"twitter:data1\" content=\"2 minut\u0117s\" \/>\n<script type=\"application\/ld+json\" class=\"yoast-schema-graph\">{\"@context\":\"https:\\\/\\\/schema.org\",\"@graph\":[{\"@type\":\"WebPage\",\"@id\":\"https:\\\/\\\/resolute.lt\\\/index.php\\\/produktas\\\/infisense-p2\\\/\",\"url\":\"https:\\\/\\\/resolute.lt\\\/index.php\\\/produktas\\\/infisense-p2\\\/\",\"name\":\"InfiSense P2 termovizorius - Resolute.lt\",\"isPartOf\":{\"@id\":\"https:\\\/\\\/resolute.lt\\\/#website\"},\"primaryImageOfPage\":{\"@id\":\"https:\\\/\\\/resolute.lt\\\/index.php\\\/produktas\\\/infisense-p2\\\/#primaryimage\"},\"image\":{\"@id\":\"https:\\\/\\\/resolute.lt\\\/index.php\\\/produktas\\\/infisense-p2\\\/#primaryimage\"},\"thumbnailUrl\":\"https:\\\/\\\/resolute.lt\\\/wp-content\\\/uploads\\\/2021\\\/09\\\/1-infisense-P2.png\",\"datePublished\":\"2021-09-29T20:16:21+00:00\",\"dateModified\":\"2022-02-14T15:08:58+00:00\",\"breadcrumb\":{\"@id\":\"https:\\\/\\\/resolute.lt\\\/index.php\\\/produktas\\\/infisense-p2\\\/#breadcrumb\"},\"inLanguage\":\"lt-LT\",\"potentialAction\":[{\"@type\":\"ReadAction\",\"target\":[\"https:\\\/\\\/resolute.lt\\\/index.php\\\/produktas\\\/infisense-p2\\\/\"]}]},{\"@type\":\"ImageObject\",\"inLanguage\":\"lt-LT\",\"@id\":\"https:\\\/\\\/resolute.lt\\\/index.php\\\/produktas\\\/infisense-p2\\\/#primaryimage\",\"url\":\"https:\\\/\\\/resolute.lt\\\/wp-content\\\/uploads\\\/2021\\\/09\\\/1-infisense-P2.png\",\"contentUrl\":\"https:\\\/\\\/resolute.lt\\\/wp-content\\\/uploads\\\/2021\\\/09\\\/1-infisense-P2.png\",\"width\":984,\"height\":987},{\"@type\":\"BreadcrumbList\",\"@id\":\"https:\\\/\\\/resolute.lt\\\/index.php\\\/produktas\\\/infisense-p2\\\/#breadcrumb\",\"itemListElement\":[{\"@type\":\"ListItem\",\"position\":1,\"name\":\"Home\",\"item\":\"https:\\\/\\\/resolute.lt\\\/\"},{\"@type\":\"ListItem\",\"position\":2,\"name\":\"Resolute.lt\",\"item\":\"https:\\\/\\\/resolute.lt\\\/\"},{\"@type\":\"ListItem\",\"position\":3,\"name\":\"InfiSense P2 termovizorius\"}]},{\"@type\":\"WebSite\",\"@id\":\"https:\\\/\\\/resolute.lt\\\/#website\",\"url\":\"https:\\\/\\\/resolute.lt\\\/\",\"name\":\"Resolute.lt\",\"description\":\"Sm\u016bgiams ir vandeniui telefonai\",\"potentialAction\":[{\"@type\":\"SearchAction\",\"target\":{\"@type\":\"EntryPoint\",\"urlTemplate\":\"https:\\\/\\\/resolute.lt\\\/?s={search_term_string}\"},\"query-input\":{\"@type\":\"PropertyValueSpecification\",\"valueRequired\":true,\"valueName\":\"search_term_string\"}}],\"inLanguage\":\"lt-LT\"}]}<\/script>\n<!-- \/ Yoast SEO plugin. -->","yoast_head_json":{"title":"InfiSense P2 termovizorius - Resolute.lt","robots":{"index":"index","follow":"follow","max-snippet":"max-snippet:-1","max-image-preview":"max-image-preview:large","max-video-preview":"max-video-preview:-1"},"canonical":"https:\/\/resolute.lt\/index.php\/produktas\/infisense-p2\/","og_locale":"lt_LT","og_type":"article","og_title":"InfiSense P2 termovizorius - Resolute.lt","og_description":"InfiSense P2 \u2013 termomizorius (termo kamera) i\u0161maniesiems telefonams su USB Type-C jungtimi. RESOLUTE.LT EL. PARDUOTUV\u0116: \u2013 Standartinis pristatymas (apmokant banko kortele, el. bankininkyste, Paysera ar Paypal). \u2013 I\u0161ankstinis u\u017esakymas (numatomas i\u0161siuntimas: vasario m\u0117n. galas).","og_url":"https:\/\/resolute.lt\/index.php\/produktas\/infisense-p2\/","og_site_name":"Resolute.lt","article_modified_time":"2022-02-14T15:08:58+00:00","og_image":[{"width":984,"height":987,"url":"https:\/\/resolute.lt\/wp-content\/uploads\/2021\/09\/1-infisense-P2.png","type":"image\/png"}],"twitter_card":"summary_large_image","twitter_misc":{"Est. reading time":"2 minut\u0117s"},"schema":{"@context":"https:\/\/schema.org","@graph":[{"@type":"WebPage","@id":"https:\/\/resolute.lt\/index.php\/produktas\/infisense-p2\/","url":"https:\/\/resolute.lt\/index.php\/produktas\/infisense-p2\/","name":"InfiSense P2 termovizorius - Resolute.lt","isPartOf":{"@id":"https:\/\/resolute.lt\/#website"},"primaryImageOfPage":{"@id":"https:\/\/resolute.lt\/index.php\/produktas\/infisense-p2\/#primaryimage"},"image":{"@id":"https:\/\/resolute.lt\/index.php\/produktas\/infisense-p2\/#primaryimage"},"thumbnailUrl":"https:\/\/resolute.lt\/wp-content\/uploads\/2021\/09\/1-infisense-P2.png","datePublished":"2021-09-29T20:16:21+00:00","dateModified":"2022-02-14T15:08:58+00:00","breadcrumb":{"@id":"https:\/\/resolute.lt\/index.php\/produktas\/infisense-p2\/#breadcrumb"},"inLanguage":"lt-LT","potentialAction":[{"@type":"ReadAction","target":["https:\/\/resolute.lt\/index.php\/produktas\/infisense-p2\/"]}]},{"@type":"ImageObject","inLanguage":"lt-LT","@id":"https:\/\/resolute.lt\/index.php\/produktas\/infisense-p2\/#primaryimage","url":"https:\/\/resolute.lt\/wp-content\/uploads\/2021\/09\/1-infisense-P2.png","contentUrl":"https:\/\/resolute.lt\/wp-content\/uploads\/2021\/09\/1-infisense-P2.png","width":984,"height":987},{"@type":"BreadcrumbList","@id":"https:\/\/resolute.lt\/index.php\/produktas\/infisense-p2\/#breadcrumb","itemListElement":[{"@type":"ListItem","position":1,"name":"Home","item":"https:\/\/resolute.lt\/"},{"@type":"ListItem","position":2,"name":"Resolute.lt","item":"https:\/\/resolute.lt\/"},{"@type":"ListItem","position":3,"name":"InfiSense P2 termovizorius"}]},{"@type":"WebSite","@id":"https:\/\/resolute.lt\/#website","url":"https:\/\/resolute.lt\/","name":"Resolute.lt","description":"Sm\u016bgiams ir vandeniui telefonai","potentialAction":[{"@type":"SearchAction","target":{"@type":"EntryPoint","urlTemplate":"https:\/\/resolute.lt\/?s={search_term_string}"},"query-input":{"@type":"PropertyValueSpecification","valueRequired":true,"valueName":"search_term_string"}}],"inLanguage":"lt-LT"}]}},"_links":{"self":[{"href":"https:\/\/resolute.lt\/index.php\/wp-json\/wp\/v2\/product\/2185","targetHints":{"allow":["GET"]}}],"collection":[{"href":"https:\/\/resolute.lt\/index.php\/wp-json\/wp\/v2\/product"}],"about":[{"href":"https:\/\/resolute.lt\/index.php\/wp-json\/wp\/v2\/types\/product"}],"wp:featuredmedia":[{"embeddable":true,"href":"https:\/\/resolute.lt\/index.php\/wp-json\/wp\/v2\/media\/2186"}],"wp:attachment":[{"href":"https:\/\/resolute.lt\/index.php\/wp-json\/wp\/v2\/media?parent=2185"}],"wp:term":[{"taxonomy":"product_brand","embeddable":true,"href":"https:\/\/resolute.lt\/index.php\/wp-json\/wp\/v2\/product_brand?post=2185"},{"taxonomy":"product_cat","embeddable":true,"href":"https:\/\/resolute.lt\/index.php\/wp-json\/wp\/v2\/product_cat?post=2185"},{"taxonomy":"product_tag","embeddable":true,"href":"https:\/\/resolute.lt\/index.php\/wp-json\/wp\/v2\/product_tag?post=2185"}],"curies":[{"name":"wp","href":"https:\/\/api.w.org\/{rel}","templated":true}]}}